{"id":51936,"date":"2023-08-24T21:14:11","date_gmt":"2023-08-24T19:14:11","guid":{"rendered":"https:\/\/www.franz-josef.cz\/?post_type=exponaty&#038;p=51936"},"modified":"2023-08-31T22:49:42","modified_gmt":"2023-08-31T20:49:42","slug":"arnoltice","status":"publish","type":"exponaty","link":"https:\/\/www.franz-josef.cz\/de\/exponaty\/arnoltice\/","title":{"rendered":"ARNOLTICE"},"content":{"rendered":"<h1><span style=\"font-size: 16px\">\u00a0 \u00a0 \u00a0 \u00a0 \u00a0 \u00a0 \u00a0 \u00a0 \u00a0 \u00a0 \u00a0 \u00a0 \u00a0 \u00a0 \u00a0 \u00a0 \u00a0Gedenkstein mit geschnitzten Inschriften 1848 FJI 1908<\/span><\/h1>\n<div class=\"content\">\n<p class=\"translation-block\">Arnoltice (Arnsdor) ist Teil des Dorfes Bulovka.<\/p>\n<p>Diesen Gedenkstein habe ich auf der Website www.martinkovy.estranky.cz gefunden. Herr Mart\u00ednek hat mir gestattet, seine Fotos f\u00fcr diese Denkmalliste f\u00fcr Kaiser Franz Joseph I. zu verwenden.<\/p>\n<p>Der Gedenkstein befindet sich im Zentrum des Dorfes und wurde der 60-j\u00e4hrigen Herrschaft von Kaiser FJI gewidmet. Davon zeugen die eingestanzten Jahreszahlen 1848, 1908 und die Initialen FJI. Der Gedenkstein \u00e4hnelt einem Stra\u00dfenpoller. Auch die hinter dem Stein wachsende Eiche wurde 1908 gepflanzt.<\/p>\n<p>&nbsp;<\/p>\n<\/div>\n<p><img fetchpriority=\"high\" decoding=\"async\" class=\"alignnone size-full wp-image-51938\" src=\"https:\/\/www.franz-josef.cz\/wp-content\/uploads\/2023\/08\/Arnoltice-1848-FJI-1908.jpg\" alt=\"\" width=\"309\" height=\"460\" srcset=\"https:\/\/www.franz-josef.cz\/wp-content\/uploads\/2023\/08\/Arnoltice-1848-FJI-1908.jpg 309w, https:\/\/www.franz-josef.cz\/wp-content\/uploads\/2023\/08\/Arnoltice-1848-FJI-1908-202x300.jpg 202w\" sizes=\"(max-width: 309px) 100vw, 309px\" \/><\/p>","protected":false},"author":5,"featured_media":51950,"template":"","zarazeno-v-expozici":[252],"class_list":["post-51936","exponaty","type-exponaty","status-publish","has-post-thumbnail","hentry","zarazeno-v-expozici-sochy-a-pomniky-badatelska-cinnost-jiriho-danka"],"yoast_head":"<!-- This site is optimized with the Yoast SEO Premium plugin v20.12 (Yoast SEO v27.2) - https:\/\/yoast.com\/product\/yoast-seo-premium-wordpress\/ -->\n<title>ARNOLTICE &#8212; Muzeum c\u00edsa\u0159e Franz Josefa I.<\/title>\n<meta name=\"robots\" content=\"index, follow, max-snippet:-1, max-image-preview:large, max-video-preview:-1\" \/>\n<link rel=\"canonical\" href=\"https:\/\/www.franz-josef.cz\/de\/exponaty\/arnoltice\/\" \/>\n<meta property=\"og:locale\" content=\"de_DE\" \/>\n<meta property=\"og:type\" content=\"article\" \/>\n<meta property=\"og:title\" content=\"ARNOLTICE\" \/>\n<meta property=\"og:description\" content=\"\u00a0 \u00a0 \u00a0 \u00a0 \u00a0 \u00a0 \u00a0 \u00a0 \u00a0 \u00a0 \u00a0 \u00a0 \u00a0 \u00a0 \u00a0 \u00a0 \u00a0Pam\u011btn\u00ed k\u00e1men s vytesan\u00fdmi n\u00e1pisy 1848 FJI 1908 Arnoltice (Arnsdorf) jsou \u010d\u00e1st\u00ed obce Bulovka. Nach\u00e1z\u00ed se asi 2 km z\u00e1padn\u011b od Bulovky, p\u0159i soutoku Bulovsk\u00e9ho a Arnoltick\u00e9ho potoka. Tento pam\u011btn\u00ed k\u00e1men jsem na\u0161el na internetov\u00fdch str\u00e1nk\u00e1ch www.martinkovy.estranky.cz. Pan Mart\u00ednek [&hellip;]\" \/>\n<meta property=\"og:url\" content=\"https:\/\/www.franz-josef.cz\/de\/exponaty\/arnoltice\/\" \/>\n<meta property=\"og:site_name\" content=\"Muzeum c\u00edsa\u0159e Franz Josefa I.\" \/>\n<meta property=\"article:modified_time\" content=\"2023-08-31T20:49:42+00:00\" \/>\n<meta property=\"og:image\" content=\"https:\/\/www.franz-josef.cz\/wp-content\/uploads\/2023\/08\/Pam.-kamen-Arnoltice.jpg\" \/>\n\t<meta property=\"og:image:width\" content=\"309\" \/>\n\t<meta property=\"og:image:height\" content=\"460\" \/>\n\t<meta property=\"og:image:type\" content=\"image\/jpeg\" \/>\n<meta name=\"twitter:card\" content=\"summary_large_image\" \/>\n<meta name=\"twitter:label1\" content=\"Gesch\u00e4tzte Lesezeit\" \/>\n\t<meta name=\"twitter:data1\" content=\"1\u00a0Minute\" \/>\n<script type=\"application\/ld+json\" class=\"yoast-schema-graph\">{\"@context\":\"https:\/\/schema.org\",\"@graph\":[{\"@type\":\"WebPage\",\"@id\":\"https:\/\/www.franz-josef.cz\/exponaty\/arnoltice\/\",\"url\":\"https:\/\/www.franz-josef.cz\/exponaty\/arnoltice\/\",\"name\":\"ARNOLTICE &#8212; Muzeum c\u00edsa\u0159e Franz Josefa I.\",\"isPartOf\":{\"@id\":\"https:\/\/www.franz-josef.cz\/#website\"},\"primaryImageOfPage\":{\"@id\":\"https:\/\/www.franz-josef.cz\/exponaty\/arnoltice\/#primaryimage\"},\"image\":{\"@id\":\"https:\/\/www.franz-josef.cz\/exponaty\/arnoltice\/#primaryimage\"},\"thumbnailUrl\":\"https:\/\/www.franz-josef.cz\/wp-content\/uploads\/2023\/08\/Pam.-kamen-Arnoltice.jpg\",\"datePublished\":\"2023-08-24T19:14:11+00:00\",\"dateModified\":\"2023-08-31T20:49:42+00:00\",\"breadcrumb\":{\"@id\":\"https:\/\/www.franz-josef.cz\/exponaty\/arnoltice\/#breadcrumb\"},\"inLanguage\":\"de\",\"potentialAction\":[{\"@type\":\"ReadAction\",\"target\":[\"https:\/\/www.franz-josef.cz\/exponaty\/arnoltice\/\"]}]},{\"@type\":\"ImageObject\",\"inLanguage\":\"de\",\"@id\":\"https:\/\/www.franz-josef.cz\/exponaty\/arnoltice\/#primaryimage\",\"url\":\"https:\/\/www.franz-josef.cz\/wp-content\/uploads\/2023\/08\/Pam.-kamen-Arnoltice.jpg\",\"contentUrl\":\"https:\/\/www.franz-josef.cz\/wp-content\/uploads\/2023\/08\/Pam.-kamen-Arnoltice.jpg\",\"width\":309,\"height\":460},{\"@type\":\"BreadcrumbList\",\"@id\":\"https:\/\/www.franz-josef.cz\/exponaty\/arnoltice\/#breadcrumb\",\"itemListElement\":[{\"@type\":\"ListItem\",\"position\":1,\"name\":\"Home\",\"item\":\"https:\/\/www.franz-josef.cz\/\"},{\"@type\":\"ListItem\",\"position\":2,\"name\":\"Expon\u00e1ty\",\"item\":\"https:\/\/www.franz-josef.cz\/exponaty\/\"},{\"@type\":\"ListItem\",\"position\":3,\"name\":\"ARNOLTICE\"}]},{\"@type\":\"WebSite\",\"@id\":\"https:\/\/www.franz-josef.cz\/#website\",\"url\":\"https:\/\/www.franz-josef.cz\/\",\"name\":\"Muzeum c\u00edsa\u0159e Franz Josefa I.\",\"description\":\"\",\"publisher\":{\"@id\":\"https:\/\/www.franz-josef.cz\/#organization\"},\"alternateName\":\"Franz Joseph\",\"potentialAction\":[{\"@type\":\"SearchAction\",\"target\":{\"@type\":\"EntryPoint\",\"urlTemplate\":\"https:\/\/www.franz-josef.cz\/?s={search_term_string}\"},\"query-input\":{\"@type\":\"PropertyValueSpecification\",\"valueRequired\":true,\"valueName\":\"search_term_string\"}}],\"inLanguage\":\"de\"},{\"@type\":\"Organization\",\"@id\":\"https:\/\/www.franz-josef.cz\/#organization\",\"name\":\"Muzeum Franz Josefa I.\",\"alternateName\":\"Franz Jozef\",\"url\":\"https:\/\/www.franz-josef.cz\/\",\"logo\":{\"@type\":\"ImageObject\",\"inLanguage\":\"de\",\"@id\":\"https:\/\/www.franz-josef.cz\/#\/schema\/logo\/image\/\",\"url\":\"https:\/\/www.franz-josef.cz\/wp-content\/uploads\/2023\/08\/Muzeum-Franz-Jozef-logo-696x696-1.png\",\"contentUrl\":\"https:\/\/www.franz-josef.cz\/wp-content\/uploads\/2023\/08\/Muzeum-Franz-Jozef-logo-696x696-1.png\",\"width\":696,\"height\":696,\"caption\":\"Muzeum Franz Josefa I.\"},\"image\":{\"@id\":\"https:\/\/www.franz-josef.cz\/#\/schema\/logo\/image\/\"}}]}<\/script>\n<!-- \/ Yoast SEO Premium plugin. -->","yoast_head_json":{"title":"ARNOLTICE &#8212; Muzeum c\u00edsa\u0159e Franz Josefa I.","robots":{"index":"index","follow":"follow","max-snippet":"max-snippet:-1","max-image-preview":"max-image-preview:large","max-video-preview":"max-video-preview:-1"},"canonical":"https:\/\/www.franz-josef.cz\/de\/exponaty\/arnoltice\/","og_locale":"de_DE","og_type":"article","og_title":"ARNOLTICE","og_description":"\u00a0 \u00a0 \u00a0 \u00a0 \u00a0 \u00a0 \u00a0 \u00a0 \u00a0 \u00a0 \u00a0 \u00a0 \u00a0 \u00a0 \u00a0 \u00a0 \u00a0Pam\u011btn\u00ed k\u00e1men s vytesan\u00fdmi n\u00e1pisy 1848 FJI 1908 Arnoltice (Arnsdorf) jsou \u010d\u00e1st\u00ed obce Bulovka. Nach\u00e1z\u00ed se asi 2 km z\u00e1padn\u011b od Bulovky, p\u0159i soutoku Bulovsk\u00e9ho a Arnoltick\u00e9ho potoka. Tento pam\u011btn\u00ed k\u00e1men jsem na\u0161el na internetov\u00fdch str\u00e1nk\u00e1ch www.martinkovy.estranky.cz. Pan Mart\u00ednek [&hellip;]","og_url":"https:\/\/www.franz-josef.cz\/de\/exponaty\/arnoltice\/","og_site_name":"Muzeum c\u00edsa\u0159e Franz Josefa I.","article_modified_time":"2023-08-31T20:49:42+00:00","og_image":[{"width":309,"height":460,"url":"https:\/\/www.franz-josef.cz\/wp-content\/uploads\/2023\/08\/Pam.-kamen-Arnoltice.jpg","type":"image\/jpeg"}],"twitter_card":"summary_large_image","twitter_misc":{"Gesch\u00e4tzte Lesezeit":"1\u00a0Minute"},"schema":{"@context":"https:\/\/schema.org","@graph":[{"@type":"WebPage","@id":"https:\/\/www.franz-josef.cz\/exponaty\/arnoltice\/","url":"https:\/\/www.franz-josef.cz\/exponaty\/arnoltice\/","name":"ARNOLTICE &#8212; Muzeum c\u00edsa\u0159e Franz Josefa I.","isPartOf":{"@id":"https:\/\/www.franz-josef.cz\/#website"},"primaryImageOfPage":{"@id":"https:\/\/www.franz-josef.cz\/exponaty\/arnoltice\/#primaryimage"},"image":{"@id":"https:\/\/www.franz-josef.cz\/exponaty\/arnoltice\/#primaryimage"},"thumbnailUrl":"https:\/\/www.franz-josef.cz\/wp-content\/uploads\/2023\/08\/Pam.-kamen-Arnoltice.jpg","datePublished":"2023-08-24T19:14:11+00:00","dateModified":"2023-08-31T20:49:42+00:00","breadcrumb":{"@id":"https:\/\/www.franz-josef.cz\/exponaty\/arnoltice\/#breadcrumb"},"inLanguage":"de","potentialAction":[{"@type":"ReadAction","target":["https:\/\/www.franz-josef.cz\/exponaty\/arnoltice\/"]}]},{"@type":"ImageObject","inLanguage":"de","@id":"https:\/\/www.franz-josef.cz\/exponaty\/arnoltice\/#primaryimage","url":"https:\/\/www.franz-josef.cz\/wp-content\/uploads\/2023\/08\/Pam.-kamen-Arnoltice.jpg","contentUrl":"https:\/\/www.franz-josef.cz\/wp-content\/uploads\/2023\/08\/Pam.-kamen-Arnoltice.jpg","width":309,"height":460},{"@type":"BreadcrumbList","@id":"https:\/\/www.franz-josef.cz\/exponaty\/arnoltice\/#breadcrumb","itemListElement":[{"@type":"ListItem","position":1,"name":"Home","item":"https:\/\/www.franz-josef.cz\/"},{"@type":"ListItem","position":2,"name":"Expon\u00e1ty","item":"https:\/\/www.franz-josef.cz\/exponaty\/"},{"@type":"ListItem","position":3,"name":"ARNOLTICE"}]},{"@type":"WebSite","@id":"https:\/\/www.franz-josef.cz\/#website","url":"https:\/\/www.franz-josef.cz\/","name":"Muzeum c\u00edsa\u0159e Franz Josefa I.","description":"","publisher":{"@id":"https:\/\/www.franz-josef.cz\/#organization"},"alternateName":"Franz Joseph","potentialAction":[{"@type":"SearchAction","target":{"@type":"EntryPoint","urlTemplate":"https:\/\/www.franz-josef.cz\/?s={search_term_string}"},"query-input":{"@type":"PropertyValueSpecification","valueRequired":true,"valueName":"search_term_string"}}],"inLanguage":"de"},{"@type":"Organization","@id":"https:\/\/www.franz-josef.cz\/#organization","name":"Muzeum Franz Josefa I.","alternateName":"Franz Jozef","url":"https:\/\/www.franz-josef.cz\/","logo":{"@type":"ImageObject","inLanguage":"de","@id":"https:\/\/www.franz-josef.cz\/#\/schema\/logo\/image\/","url":"https:\/\/www.franz-josef.cz\/wp-content\/uploads\/2023\/08\/Muzeum-Franz-Jozef-logo-696x696-1.png","contentUrl":"https:\/\/www.franz-josef.cz\/wp-content\/uploads\/2023\/08\/Muzeum-Franz-Jozef-logo-696x696-1.png","width":696,"height":696,"caption":"Muzeum Franz Josefa I."},"image":{"@id":"https:\/\/www.franz-josef.cz\/#\/schema\/logo\/image\/"}}]}},"_links":{"self":[{"href":"https:\/\/www.franz-josef.cz\/de\/wp-json\/wp\/v2\/exponaty\/51936","targetHints":{"allow":["GET"]}}],"collection":[{"href":"https:\/\/www.franz-josef.cz\/de\/wp-json\/wp\/v2\/exponaty"}],"about":[{"href":"https:\/\/www.franz-josef.cz\/de\/wp-json\/wp\/v2\/types\/exponaty"}],"author":[{"embeddable":true,"href":"https:\/\/www.franz-josef.cz\/de\/wp-json\/wp\/v2\/users\/5"}],"version-history":[{"count":7,"href":"https:\/\/www.franz-josef.cz\/de\/wp-json\/wp\/v2\/exponaty\/51936\/revisions"}],"predecessor-version":[{"id":52502,"href":"https:\/\/www.franz-josef.cz\/de\/wp-json\/wp\/v2\/exponaty\/51936\/revisions\/52502"}],"wp:featuredmedia":[{"embeddable":true,"href":"https:\/\/www.franz-josef.cz\/de\/wp-json\/wp\/v2\/media\/51950"}],"wp:attachment":[{"href":"https:\/\/www.franz-josef.cz\/de\/wp-json\/wp\/v2\/media?parent=51936"}],"wp:term":[{"taxonomy":"zarazeno-v-expozici","embeddable":true,"href":"https:\/\/www.franz-josef.cz\/de\/wp-json\/wp\/v2\/zarazeno-v-expozici?post=51936"}],"curies":[{"name":"wp","href":"https:\/\/api.w.org\/{rel}","templated":true}]}}

<h1><span style="font-size: 16px">                                 Gedenkstein mit geschnitzten Inschriften 1848 FJI 1908</span></h1>
<div class="content">
<p class="translation-block">Arnoltice (Arnsdor) ist Teil des Dorfes Bulovka.</p>
<p>Diesen Gedenkstein habe ich auf der Website www.martinkovy.estranky.cz gefunden. Herr Martínek hat mir gestattet, seine Fotos für diese Denkmalliste für Kaiser Franz Joseph I. zu verwenden.</p>
<p>Der Gedenkstein befindet sich im Zentrum des Dorfes und wurde der 60-jährigen Herrschaft von Kaiser FJI gewidmet. Davon zeugen die eingestanzten Jahreszahlen 1848, 1908 und die Initialen FJI. Der Gedenkstein ähnelt einem Straßenpoller. Auch die hinter dem Stein wachsende Eiche wurde 1908 gepflanzt.</p>
<p>&nbsp;</p>
</div>
<p><img fetchpriority="high" decoding="async" class="alignnone size-full wp-image-51938" src="https://www.franz-josef.cz/wp-content/uploads/2023/08/Arnoltice-1848-FJI-1908.jpg" alt="" width="309" height="460" srcset="https://www.franz-josef.cz/wp-content/uploads/2023/08/Arnoltice-1848-FJI-1908.jpg 309w, https://www.franz-josef.cz/wp-content/uploads/2023/08/Arnoltice-1848-FJI-1908-202x300.jpg 202w" sizes="(max-width: 309px) 100vw, 309px" /></p>

<!-- This site is optimized with the Yoast SEO Premium plugin v20.12 (Yoast SEO v27.2) - https://yoast.com/product/yoast-seo-premium-wordpress/ -->
<title>ARNOLTICE &#8212; Muzeum císaře Franz Josefa I.</title>
<meta name="robots" content="index, follow, max-snippet:-1, max-image-preview:large, max-video-preview:-1" />
<link rel="canonical" href="https://www.franz-josef.cz/de/exponaty/arnoltice/" />
<meta property="og:locale" content="de_DE" />
<meta property="og:type" content="article" />
<meta property="og:title" content="ARNOLTICE" />
<meta property="og:description" content="                                 Pamětní kámen s vytesanými nápisy 1848 FJI 1908 Arnoltice (Arnsdorf) jsou částí obce Bulovka. Nachází se asi 2 km západně od Bulovky, při soutoku Bulovského a Arnoltického potoka. Tento pamětní kámen jsem našel na internetových stránkách www.martinkovy.estranky.cz. Pan Martínek [&hellip;]" />
<meta property="og:url" content="https://www.franz-josef.cz/de/exponaty/arnoltice/" />
<meta property="og:site_name" content="Muzeum císaře Franz Josefa I." />
<meta property="article:modified_time" content="2023-08-31T20:49:42+00:00" />
<meta property="og:image" content="https://www.franz-josef.cz/wp-content/uploads/2023/08/Pam.-kamen-Arnoltice.jpg" />
	<meta property="og:image:width" content="309" />
	<meta property="og:image:height" content="460" />
	<meta property="og:image:type" content="image/jpeg" />
<meta name="twitter:card" content="summary_large_image" />
<meta name="twitter:label1" content="Geschätzte Lesezeit" />
	<meta name="twitter:data1" content="1 Minute" />
<script type="application/ld+json" class="yoast-schema-graph">{"@context":"https://schema.org","@graph":[{"@type":"WebPage","@id":"https://www.franz-josef.cz/exponaty/arnoltice/","url":"https://www.franz-josef.cz/exponaty/arnoltice/","name":"ARNOLTICE &#8212; Muzeum císaře Franz Josefa I.","isPartOf":{"@id":"https://www.franz-josef.cz/#website"},"primaryImageOfPage":{"@id":"https://www.franz-josef.cz/exponaty/arnoltice/#primaryimage"},"image":{"@id":"https://www.franz-josef.cz/exponaty/arnoltice/#primaryimage"},"thumbnailUrl":"https://www.franz-josef.cz/wp-content/uploads/2023/08/Pam.-kamen-Arnoltice.jpg","datePublished":"2023-08-24T19:14:11+00:00","dateModified":"2023-08-31T20:49:42+00:00","breadcrumb":{"@id":"https://www.franz-josef.cz/exponaty/arnoltice/#breadcrumb"},"inLanguage":"de","potentialAction":[{"@type":"ReadAction","target":["https://www.franz-josef.cz/exponaty/arnoltice/"]}]},{"@type":"ImageObject","inLanguage":"de","@id":"https://www.franz-josef.cz/exponaty/arnoltice/#primaryimage","url":"https://www.franz-josef.cz/wp-content/uploads/2023/08/Pam.-kamen-Arnoltice.jpg","contentUrl":"https://www.franz-josef.cz/wp-content/uploads/2023/08/Pam.-kamen-Arnoltice.jpg","width":309,"height":460},{"@type":"BreadcrumbList","@id":"https://www.franz-josef.cz/exponaty/arnoltice/#breadcrumb","itemListElement":[{"@type":"ListItem","position":1,"name":"Home","item":"https://www.franz-josef.cz/"},{"@type":"ListItem","position":2,"name":"Exponáty","item":"https://www.franz-josef.cz/exponaty/"},{"@type":"ListItem","position":3,"name":"ARNOLTICE"}]},{"@type":"WebSite","@id":"https://www.franz-josef.cz/#website","url":"https://www.franz-josef.cz/","name":"Muzeum císaře Franz Josefa I.","description":"","publisher":{"@id":"https://www.franz-josef.cz/#organization"},"alternateName":"Franz Joseph","potentialAction":[{"@type":"SearchAction","target":{"@type":"EntryPoint","urlTemplate":"https://www.franz-josef.cz/?s={search_term_string}"},"query-input":{"@type":"PropertyValueSpecification","valueRequired":true,"valueName":"search_term_string"}}],"inLanguage":"de"},{"@type":"Organization","@id":"https://www.franz-josef.cz/#organization","name":"Muzeum Franz Josefa I.","alternateName":"Franz Jozef","url":"https://www.franz-josef.cz/","logo":{"@type":"ImageObject","inLanguage":"de","@id":"https://www.franz-josef.cz/#/schema/logo/image/","url":"https://www.franz-josef.cz/wp-content/uploads/2023/08/Muzeum-Franz-Jozef-logo-696x696-1.png","contentUrl":"https://www.franz-josef.cz/wp-content/uploads/2023/08/Muzeum-Franz-Jozef-logo-696x696-1.png","width":696,"height":696,"caption":"Muzeum Franz Josefa I."},"image":{"@id":"https://www.franz-josef.cz/#/schema/logo/image/"}}]}</script>
<!-- / Yoast SEO Premium plugin. -->

ARNOLTICE &#8212; Muzeum císaře Franz Josefa I.

Pamětní kámen s vytesanými nápisy 1848 FJI 1908 Arnoltice (Arnsdorf) jsou částí obce Bulovka. Nachází se asi 2 km západně od Bulovky, při soutoku Bulovského a Arnoltického potoka. Tento pamětní kámen jsem našel na internetových stránkách www.martinkovy.estranky.cz. Pan Martínek [&hellip;]

Muzeum císaře Franz Josefa I.

Exponáty
