{"id":52022,"date":"2023-08-25T20:15:08","date_gmt":"2023-08-25T18:15:08","guid":{"rendered":"https:\/\/www.franz-josef.cz\/?post_type=exponaty&#038;p=52022"},"modified":"2023-09-03T21:20:37","modified_gmt":"2023-09-03T19:20:37","slug":"brno-dukelska-trida-1","status":"publish","type":"exponaty","link":"https:\/\/www.franz-josef.cz\/de\/exponaty\/brno-dukelska-trida-1\/","title":{"rendered":"BRNO DUKELSK\u00c1 T\u0158\u00cdDA \/1"},"content":{"rendered":"<div class=\"abstract\">\n<h1>Gedenktafel an Kaiser FJI im Schulgeb\u00e4ude<\/h1>\n<\/div>\n<div class=\"content\">\n<p>Das Schulgeb\u00e4ude wurde 1894\u20131895 erbaut.<\/p>\n<p>Im Schulgeb\u00e4ude befand sich eine Gedenktafel mit dem Text:<\/p>\n<p>Dieses Schulgeb\u00e4ude wurde w\u00e4hrend der glorreichen Herrschaft auf Kosten des Dorfes Husovick\u00e9 errichtet<br \/>\nSeine Apostolische Majest\u00e4t Kaiser und K\u00f6nig Franz Joseph I. Jahre des Herrn 1894-1895, als in diesem Dorf der B\u00fcrgermeister Jan Jaro\u0161 und der Vorsitzende der \u00f6rtlichen Schulbeh\u00f6rde Leopold Franti\u0161ek Valn\u00ed\u010dek<\/p>\n<p>PD wurde von der Firma Adolf Loos aus wei\u00dfem Marmor gefertigt, das Taufbecken wurde graviert und mit Ornamenten verziert.<\/p>\n<p>Jetzt gibt es im Geb\u00e4ude der Secondary School einen Tierarzt<\/p>\n<p><img fetchpriority=\"high\" decoding=\"async\" class=\"alignnone size-full wp-image-52024\" src=\"https:\/\/www.franz-josef.cz\/wp-content\/uploads\/2023\/08\/BRNO-HYBESOVA.jpg\" alt=\"\" width=\"800\" height=\"488\" srcset=\"https:\/\/www.franz-josef.cz\/wp-content\/uploads\/2023\/08\/BRNO-HYBESOVA.jpg 800w, https:\/\/www.franz-josef.cz\/wp-content\/uploads\/2023\/08\/BRNO-HYBESOVA-300x183.jpg 300w, https:\/\/www.franz-josef.cz\/wp-content\/uploads\/2023\/08\/BRNO-HYBESOVA-768x468.jpg 768w\" sizes=\"(max-width: 800px) 100vw, 800px\" \/><\/p>\n<\/div>","protected":false},"author":5,"featured_media":52024,"template":"","zarazeno-v-expozici":[252],"class_list":["post-52022","exponaty","type-exponaty","status-publish","has-post-thumbnail","hentry","zarazeno-v-expozici-sochy-a-pomniky-badatelska-cinnost-jiriho-danka"],"yoast_head":"<!-- This site is optimized with the Yoast SEO Premium plugin v20.12 (Yoast SEO v27.2) - https:\/\/yoast.com\/product\/yoast-seo-premium-wordpress\/ -->\n<title>BRNO DUKELSK\u00c1 T\u0158\u00cdDA \/1 &#8212; Muzeum c\u00edsa\u0159e Franz Josefa I.<\/title>\n<meta name=\"robots\" content=\"index, follow, max-snippet:-1, max-image-preview:large, max-video-preview:-1\" \/>\n<link rel=\"canonical\" href=\"https:\/\/www.franz-josef.cz\/de\/exponaty\/brno-dukelska-trida-1\/\" \/>\n<meta property=\"og:locale\" content=\"de_DE\" \/>\n<meta property=\"og:type\" content=\"article\" \/>\n<meta property=\"og:title\" content=\"BRNO DUKELSK\u00c1 T\u0158\u00cdDA \/1\" \/>\n<meta property=\"og:description\" content=\"Pam\u011btn\u00ed deska c\u00edsa\u0159e FJI ve \u0161koln\u00ed budov\u011b \u0160koln\u00ed budova byla postavena v letech 1894 -1895. V budov\u011b \u0161koly byla pam\u011btn\u00ed deska s textem: \u0160koln\u00ed tato budova postavena jest n\u00e1kladem obce husovick\u00e9 za slavn\u00e9ho panov\u00e1n\u00ed Jeho apo\u0161tolsk\u00e9ho Veli\u010denstva, c\u00edsa\u0159e a kr\u00e1le Franti\u0161ka Josefa I. l\u00e9ta P\u00e1n\u011b 1894\u20131895,\u00a0 kdy v obci t\u00e9to \u00fa\u0159adovali starosta Jan Jaro\u0161 a [&hellip;]\" \/>\n<meta property=\"og:url\" content=\"https:\/\/www.franz-josef.cz\/de\/exponaty\/brno-dukelska-trida-1\/\" \/>\n<meta property=\"og:site_name\" content=\"Muzeum c\u00edsa\u0159e Franz Josefa I.\" \/>\n<meta property=\"article:modified_time\" content=\"2023-09-03T19:20:37+00:00\" \/>\n<meta property=\"og:image\" content=\"https:\/\/www.franz-josef.cz\/wp-content\/uploads\/2023\/08\/BRNO-HYBESOVA.jpg\" \/>\n\t<meta property=\"og:image:width\" content=\"800\" \/>\n\t<meta property=\"og:image:height\" content=\"488\" \/>\n\t<meta property=\"og:image:type\" content=\"image\/jpeg\" \/>\n<meta name=\"twitter:card\" content=\"summary_large_image\" \/>\n<meta name=\"twitter:label1\" content=\"Gesch\u00e4tzte Lesezeit\" \/>\n\t<meta name=\"twitter:data1\" content=\"1\u00a0Minute\" \/>\n<script type=\"application\/ld+json\" class=\"yoast-schema-graph\">{\"@context\":\"https:\/\/schema.org\",\"@graph\":[{\"@type\":\"WebPage\",\"@id\":\"https:\/\/www.franz-josef.cz\/exponaty\/brno-dukelska-trida-1\/\",\"url\":\"https:\/\/www.franz-josef.cz\/exponaty\/brno-dukelska-trida-1\/\",\"name\":\"BRNO DUKELSK\u00c1 T\u0158\u00cdDA \/1 &#8212; Muzeum c\u00edsa\u0159e Franz Josefa I.\",\"isPartOf\":{\"@id\":\"https:\/\/www.franz-josef.cz\/#website\"},\"primaryImageOfPage\":{\"@id\":\"https:\/\/www.franz-josef.cz\/exponaty\/brno-dukelska-trida-1\/#primaryimage\"},\"image\":{\"@id\":\"https:\/\/www.franz-josef.cz\/exponaty\/brno-dukelska-trida-1\/#primaryimage\"},\"thumbnailUrl\":\"https:\/\/www.franz-josef.cz\/wp-content\/uploads\/2023\/08\/BRNO-HYBESOVA.jpg\",\"datePublished\":\"2023-08-25T18:15:08+00:00\",\"dateModified\":\"2023-09-03T19:20:37+00:00\",\"breadcrumb\":{\"@id\":\"https:\/\/www.franz-josef.cz\/exponaty\/brno-dukelska-trida-1\/#breadcrumb\"},\"inLanguage\":\"de\",\"potentialAction\":[{\"@type\":\"ReadAction\",\"target\":[\"https:\/\/www.franz-josef.cz\/exponaty\/brno-dukelska-trida-1\/\"]}]},{\"@type\":\"ImageObject\",\"inLanguage\":\"de\",\"@id\":\"https:\/\/www.franz-josef.cz\/exponaty\/brno-dukelska-trida-1\/#primaryimage\",\"url\":\"https:\/\/www.franz-josef.cz\/wp-content\/uploads\/2023\/08\/BRNO-HYBESOVA.jpg\",\"contentUrl\":\"https:\/\/www.franz-josef.cz\/wp-content\/uploads\/2023\/08\/BRNO-HYBESOVA.jpg\",\"width\":800,\"height\":488},{\"@type\":\"BreadcrumbList\",\"@id\":\"https:\/\/www.franz-josef.cz\/exponaty\/brno-dukelska-trida-1\/#breadcrumb\",\"itemListElement\":[{\"@type\":\"ListItem\",\"position\":1,\"name\":\"Home\",\"item\":\"https:\/\/www.franz-josef.cz\/\"},{\"@type\":\"ListItem\",\"position\":2,\"name\":\"Expon\u00e1ty\",\"item\":\"https:\/\/www.franz-josef.cz\/exponaty\/\"},{\"@type\":\"ListItem\",\"position\":3,\"name\":\"BRNO DUKELSK\u00c1 T\u0158\u00cdDA \/1\"}]},{\"@type\":\"WebSite\",\"@id\":\"https:\/\/www.franz-josef.cz\/#website\",\"url\":\"https:\/\/www.franz-josef.cz\/\",\"name\":\"Muzeum c\u00edsa\u0159e Franz Josefa I.\",\"description\":\"\",\"publisher\":{\"@id\":\"https:\/\/www.franz-josef.cz\/#organization\"},\"alternateName\":\"Franz Joseph\",\"potentialAction\":[{\"@type\":\"SearchAction\",\"target\":{\"@type\":\"EntryPoint\",\"urlTemplate\":\"https:\/\/www.franz-josef.cz\/?s={search_term_string}\"},\"query-input\":{\"@type\":\"PropertyValueSpecification\",\"valueRequired\":true,\"valueName\":\"search_term_string\"}}],\"inLanguage\":\"de\"},{\"@type\":\"Organization\",\"@id\":\"https:\/\/www.franz-josef.cz\/#organization\",\"name\":\"Muzeum Franz Josefa I.\",\"alternateName\":\"Franz Jozef\",\"url\":\"https:\/\/www.franz-josef.cz\/\",\"logo\":{\"@type\":\"ImageObject\",\"inLanguage\":\"de\",\"@id\":\"https:\/\/www.franz-josef.cz\/#\/schema\/logo\/image\/\",\"url\":\"https:\/\/www.franz-josef.cz\/wp-content\/uploads\/2023\/08\/Muzeum-Franz-Jozef-logo-696x696-1.png\",\"contentUrl\":\"https:\/\/www.franz-josef.cz\/wp-content\/uploads\/2023\/08\/Muzeum-Franz-Jozef-logo-696x696-1.png\",\"width\":696,\"height\":696,\"caption\":\"Muzeum Franz Josefa I.\"},\"image\":{\"@id\":\"https:\/\/www.franz-josef.cz\/#\/schema\/logo\/image\/\"}}]}<\/script>\n<!-- \/ Yoast SEO Premium plugin. -->","yoast_head_json":{"title":"BRNO DUKELSK\u00c1 T\u0158\u00cdDA \/1 &#8212; Muzeum c\u00edsa\u0159e Franz Josefa I.","robots":{"index":"index","follow":"follow","max-snippet":"max-snippet:-1","max-image-preview":"max-image-preview:large","max-video-preview":"max-video-preview:-1"},"canonical":"https:\/\/www.franz-josef.cz\/de\/exponaty\/brno-dukelska-trida-1\/","og_locale":"de_DE","og_type":"article","og_title":"BRNO DUKELSK\u00c1 T\u0158\u00cdDA \/1","og_description":"Pam\u011btn\u00ed deska c\u00edsa\u0159e FJI ve \u0161koln\u00ed budov\u011b \u0160koln\u00ed budova byla postavena v letech 1894 -1895. V budov\u011b \u0161koly byla pam\u011btn\u00ed deska s textem: \u0160koln\u00ed tato budova postavena jest n\u00e1kladem obce husovick\u00e9 za slavn\u00e9ho panov\u00e1n\u00ed Jeho apo\u0161tolsk\u00e9ho Veli\u010denstva, c\u00edsa\u0159e a kr\u00e1le Franti\u0161ka Josefa I. l\u00e9ta P\u00e1n\u011b 1894\u20131895,\u00a0 kdy v obci t\u00e9to \u00fa\u0159adovali starosta Jan Jaro\u0161 a [&hellip;]","og_url":"https:\/\/www.franz-josef.cz\/de\/exponaty\/brno-dukelska-trida-1\/","og_site_name":"Muzeum c\u00edsa\u0159e Franz Josefa I.","article_modified_time":"2023-09-03T19:20:37+00:00","og_image":[{"width":800,"height":488,"url":"https:\/\/www.franz-josef.cz\/wp-content\/uploads\/2023\/08\/BRNO-HYBESOVA.jpg","type":"image\/jpeg"}],"twitter_card":"summary_large_image","twitter_misc":{"Gesch\u00e4tzte Lesezeit":"1\u00a0Minute"},"schema":{"@context":"https:\/\/schema.org","@graph":[{"@type":"WebPage","@id":"https:\/\/www.franz-josef.cz\/exponaty\/brno-dukelska-trida-1\/","url":"https:\/\/www.franz-josef.cz\/exponaty\/brno-dukelska-trida-1\/","name":"BRNO DUKELSK\u00c1 T\u0158\u00cdDA \/1 &#8212; Muzeum c\u00edsa\u0159e Franz Josefa I.","isPartOf":{"@id":"https:\/\/www.franz-josef.cz\/#website"},"primaryImageOfPage":{"@id":"https:\/\/www.franz-josef.cz\/exponaty\/brno-dukelska-trida-1\/#primaryimage"},"image":{"@id":"https:\/\/www.franz-josef.cz\/exponaty\/brno-dukelska-trida-1\/#primaryimage"},"thumbnailUrl":"https:\/\/www.franz-josef.cz\/wp-content\/uploads\/2023\/08\/BRNO-HYBESOVA.jpg","datePublished":"2023-08-25T18:15:08+00:00","dateModified":"2023-09-03T19:20:37+00:00","breadcrumb":{"@id":"https:\/\/www.franz-josef.cz\/exponaty\/brno-dukelska-trida-1\/#breadcrumb"},"inLanguage":"de","potentialAction":[{"@type":"ReadAction","target":["https:\/\/www.franz-josef.cz\/exponaty\/brno-dukelska-trida-1\/"]}]},{"@type":"ImageObject","inLanguage":"de","@id":"https:\/\/www.franz-josef.cz\/exponaty\/brno-dukelska-trida-1\/#primaryimage","url":"https:\/\/www.franz-josef.cz\/wp-content\/uploads\/2023\/08\/BRNO-HYBESOVA.jpg","contentUrl":"https:\/\/www.franz-josef.cz\/wp-content\/uploads\/2023\/08\/BRNO-HYBESOVA.jpg","width":800,"height":488},{"@type":"BreadcrumbList","@id":"https:\/\/www.franz-josef.cz\/exponaty\/brno-dukelska-trida-1\/#breadcrumb","itemListElement":[{"@type":"ListItem","position":1,"name":"Home","item":"https:\/\/www.franz-josef.cz\/"},{"@type":"ListItem","position":2,"name":"Expon\u00e1ty","item":"https:\/\/www.franz-josef.cz\/exponaty\/"},{"@type":"ListItem","position":3,"name":"BRNO DUKELSK\u00c1 T\u0158\u00cdDA \/1"}]},{"@type":"WebSite","@id":"https:\/\/www.franz-josef.cz\/#website","url":"https:\/\/www.franz-josef.cz\/","name":"Muzeum c\u00edsa\u0159e Franz Josefa I.","description":"","publisher":{"@id":"https:\/\/www.franz-josef.cz\/#organization"},"alternateName":"Franz Joseph","potentialAction":[{"@type":"SearchAction","target":{"@type":"EntryPoint","urlTemplate":"https:\/\/www.franz-josef.cz\/?s={search_term_string}"},"query-input":{"@type":"PropertyValueSpecification","valueRequired":true,"valueName":"search_term_string"}}],"inLanguage":"de"},{"@type":"Organization","@id":"https:\/\/www.franz-josef.cz\/#organization","name":"Muzeum Franz Josefa I.","alternateName":"Franz Jozef","url":"https:\/\/www.franz-josef.cz\/","logo":{"@type":"ImageObject","inLanguage":"de","@id":"https:\/\/www.franz-josef.cz\/#\/schema\/logo\/image\/","url":"https:\/\/www.franz-josef.cz\/wp-content\/uploads\/2023\/08\/Muzeum-Franz-Jozef-logo-696x696-1.png","contentUrl":"https:\/\/www.franz-josef.cz\/wp-content\/uploads\/2023\/08\/Muzeum-Franz-Jozef-logo-696x696-1.png","width":696,"height":696,"caption":"Muzeum Franz Josefa I."},"image":{"@id":"https:\/\/www.franz-josef.cz\/#\/schema\/logo\/image\/"}}]}},"_links":{"self":[{"href":"https:\/\/www.franz-josef.cz\/de\/wp-json\/wp\/v2\/exponaty\/52022","targetHints":{"allow":["GET"]}}],"collection":[{"href":"https:\/\/www.franz-josef.cz\/de\/wp-json\/wp\/v2\/exponaty"}],"about":[{"href":"https:\/\/www.franz-josef.cz\/de\/wp-json\/wp\/v2\/types\/exponaty"}],"author":[{"embeddable":true,"href":"https:\/\/www.franz-josef.cz\/de\/wp-json\/wp\/v2\/users\/5"}],"version-history":[{"count":7,"href":"https:\/\/www.franz-josef.cz\/de\/wp-json\/wp\/v2\/exponaty\/52022\/revisions"}],"predecessor-version":[{"id":52793,"href":"https:\/\/www.franz-josef.cz\/de\/wp-json\/wp\/v2\/exponaty\/52022\/revisions\/52793"}],"wp:featuredmedia":[{"embeddable":true,"href":"https:\/\/www.franz-josef.cz\/de\/wp-json\/wp\/v2\/media\/52024"}],"wp:attachment":[{"href":"https:\/\/www.franz-josef.cz\/de\/wp-json\/wp\/v2\/media?parent=52022"}],"wp:term":[{"taxonomy":"zarazeno-v-expozici","embeddable":true,"href":"https:\/\/www.franz-josef.cz\/de\/wp-json\/wp\/v2\/zarazeno-v-expozici?post=52022"}],"curies":[{"name":"wp","href":"https:\/\/api.w.org\/{rel}","templated":true}]}}

BRNO DUKELSKÁ TŘÍDA /1

<div class="abstract">
<h1>Gedenktafel an Kaiser FJI im Schulgebäude</h1>
</div>
<div class="content">
<p>Das Schulgebäude wurde 1894–1895 erbaut.</p>
<p>Im Schulgebäude befand sich eine Gedenktafel mit dem Text:</p>
<p>Dieses Schulgebäude wurde während der glorreichen Herrschaft auf Kosten des Dorfes Husovické errichtet<br />
Seine Apostolische Majestät Kaiser und König Franz Joseph I. Jahre des Herrn 1894-1895, als in diesem Dorf der Bürgermeister Jan Jaroš und der Vorsitzende der örtlichen Schulbehörde Leopold František Valníček</p>
<p>PD wurde von der Firma Adolf Loos aus weißem Marmor gefertigt, das Taufbecken wurde graviert und mit Ornamenten verziert.</p>
<p>Jetzt gibt es im Gebäude der Secondary School einen Tierarzt</p>
<p><img fetchpriority="high" decoding="async" class="alignnone size-full wp-image-52024" src="https://www.franz-josef.cz/wp-content/uploads/2023/08/BRNO-HYBESOVA.jpg" alt="" width="800" height="488" srcset="https://www.franz-josef.cz/wp-content/uploads/2023/08/BRNO-HYBESOVA.jpg 800w, https://www.franz-josef.cz/wp-content/uploads/2023/08/BRNO-HYBESOVA-300x183.jpg 300w, https://www.franz-josef.cz/wp-content/uploads/2023/08/BRNO-HYBESOVA-768x468.jpg 768w" sizes="(max-width: 800px) 100vw, 800px" /></p>
</div>

<!-- This site is optimized with the Yoast SEO Premium plugin v20.12 (Yoast SEO v27.2) - https://yoast.com/product/yoast-seo-premium-wordpress/ -->
<title>BRNO DUKELSKÁ TŘÍDA /1 &#8212; Muzeum císaře Franz Josefa I.</title>
<meta name="robots" content="index, follow, max-snippet:-1, max-image-preview:large, max-video-preview:-1" />
<link rel="canonical" href="https://www.franz-josef.cz/de/exponaty/brno-dukelska-trida-1/" />
<meta property="og:locale" content="de_DE" />
<meta property="og:type" content="article" />
<meta property="og:title" content="BRNO DUKELSKÁ TŘÍDA /1" />
<meta property="og:description" content="Pamětní deska císaře FJI ve školní budově Školní budova byla postavena v letech 1894 -1895. V budově školy byla pamětní deska s textem: Školní tato budova postavena jest nákladem obce husovické za slavného panování Jeho apoštolského Veličenstva, císaře a krále Františka Josefa I. léta Páně 1894–1895,  kdy v obci této úřadovali starosta Jan Jaroš a [&hellip;]" />
<meta property="og:url" content="https://www.franz-josef.cz/de/exponaty/brno-dukelska-trida-1/" />
<meta property="og:site_name" content="Muzeum císaře Franz Josefa I." />
<meta property="article:modified_time" content="2023-09-03T19:20:37+00:00" />
<meta property="og:image" content="https://www.franz-josef.cz/wp-content/uploads/2023/08/BRNO-HYBESOVA.jpg" />
	<meta property="og:image:width" content="800" />
	<meta property="og:image:height" content="488" />
	<meta property="og:image:type" content="image/jpeg" />
<meta name="twitter:card" content="summary_large_image" />
<meta name="twitter:label1" content="Geschätzte Lesezeit" />
	<meta name="twitter:data1" content="1 Minute" />
<script type="application/ld+json" class="yoast-schema-graph">{"@context":"https://schema.org","@graph":[{"@type":"WebPage","@id":"https://www.franz-josef.cz/exponaty/brno-dukelska-trida-1/","url":"https://www.franz-josef.cz/exponaty/brno-dukelska-trida-1/","name":"BRNO DUKELSKÁ TŘÍDA /1 &#8212; Muzeum císaře Franz Josefa I.","isPartOf":{"@id":"https://www.franz-josef.cz/#website"},"primaryImageOfPage":{"@id":"https://www.franz-josef.cz/exponaty/brno-dukelska-trida-1/#primaryimage"},"image":{"@id":"https://www.franz-josef.cz/exponaty/brno-dukelska-trida-1/#primaryimage"},"thumbnailUrl":"https://www.franz-josef.cz/wp-content/uploads/2023/08/BRNO-HYBESOVA.jpg","datePublished":"2023-08-25T18:15:08+00:00","dateModified":"2023-09-03T19:20:37+00:00","breadcrumb":{"@id":"https://www.franz-josef.cz/exponaty/brno-dukelska-trida-1/#breadcrumb"},"inLanguage":"de","potentialAction":[{"@type":"ReadAction","target":["https://www.franz-josef.cz/exponaty/brno-dukelska-trida-1/"]}]},{"@type":"ImageObject","inLanguage":"de","@id":"https://www.franz-josef.cz/exponaty/brno-dukelska-trida-1/#primaryimage","url":"https://www.franz-josef.cz/wp-content/uploads/2023/08/BRNO-HYBESOVA.jpg","contentUrl":"https://www.franz-josef.cz/wp-content/uploads/2023/08/BRNO-HYBESOVA.jpg","width":800,"height":488},{"@type":"BreadcrumbList","@id":"https://www.franz-josef.cz/exponaty/brno-dukelska-trida-1/#breadcrumb","itemListElement":[{"@type":"ListItem","position":1,"name":"Home","item":"https://www.franz-josef.cz/"},{"@type":"ListItem","position":2,"name":"Exponáty","item":"https://www.franz-josef.cz/exponaty/"},{"@type":"ListItem","position":3,"name":"BRNO DUKELSKÁ TŘÍDA /1"}]},{"@type":"WebSite","@id":"https://www.franz-josef.cz/#website","url":"https://www.franz-josef.cz/","name":"Muzeum císaře Franz Josefa I.","description":"","publisher":{"@id":"https://www.franz-josef.cz/#organization"},"alternateName":"Franz Joseph","potentialAction":[{"@type":"SearchAction","target":{"@type":"EntryPoint","urlTemplate":"https://www.franz-josef.cz/?s={search_term_string}"},"query-input":{"@type":"PropertyValueSpecification","valueRequired":true,"valueName":"search_term_string"}}],"inLanguage":"de"},{"@type":"Organization","@id":"https://www.franz-josef.cz/#organization","name":"Muzeum Franz Josefa I.","alternateName":"Franz Jozef","url":"https://www.franz-josef.cz/","logo":{"@type":"ImageObject","inLanguage":"de","@id":"https://www.franz-josef.cz/#/schema/logo/image/","url":"https://www.franz-josef.cz/wp-content/uploads/2023/08/Muzeum-Franz-Jozef-logo-696x696-1.png","contentUrl":"https://www.franz-josef.cz/wp-content/uploads/2023/08/Muzeum-Franz-Jozef-logo-696x696-1.png","width":696,"height":696,"caption":"Muzeum Franz Josefa I."},"image":{"@id":"https://www.franz-josef.cz/#/schema/logo/image/"}}]}</script>
<!-- / Yoast SEO Premium plugin. -->

BRNO DUKELSKÁ TŘÍDA /1 &#8212; Muzeum císaře Franz Josefa I.

Pamětní deska císaře FJI ve školní budově Školní budova byla postavena v letech 1894 -1895. V budově školy byla pamětní deska s textem: Školní tato budova postavena jest nákladem obce husovické za slavného panování Jeho apoštolského Veličenstva, císaře a krále Františka Josefa I. léta Páně 1894–1895,  kdy v obci této úřadovali starosta Jan Jaroš a [&hellip;]

Muzeum císaře Franz Josefa I.

Exponáty
