{"id":52100,"date":"2023-08-26T19:53:35","date_gmt":"2023-08-26T17:53:35","guid":{"rendered":"https:\/\/www.franz-josef.cz\/?post_type=exponaty&#038;p=52100"},"modified":"2023-08-31T23:25:07","modified_gmt":"2023-08-31T21:25:07","slug":"dolni-oldris","status":"publish","type":"exponaty","link":"https:\/\/www.franz-josef.cz\/de\/exponaty\/dolni-oldris\/","title":{"rendered":"DOLN\u00cd OLD\u0158\u00cd\u0160"},"content":{"rendered":"<h1>Gedenkst\u00e4tte Doln\u00ed Old\u0159\u00ed\u0161 FJI.<\/h1>\n<p>&nbsp;<\/p>\n<h1><img fetchpriority=\"high\" decoding=\"async\" class=\"alignnone size-full wp-image-52102\" src=\"https:\/\/www.franz-josef.cz\/wp-content\/uploads\/2023\/08\/DOL-1.jpg\" alt=\"\" width=\"455\" height=\"600\" srcset=\"https:\/\/www.franz-josef.cz\/wp-content\/uploads\/2023\/08\/DOL-1.jpg 455w, https:\/\/www.franz-josef.cz\/wp-content\/uploads\/2023\/08\/DOL-1-228x300.jpg 228w\" sizes=\"(max-width: 455px) 100vw, 455px\" \/><\/h1>\n<div class=\"abstract\">\n<p>Das Denkmal von Kaiser FJI ist nur auf einer Postkarte zu sehen. N\u00e4heres konnte bisher nicht herausgefunden werden.<\/p>\n<\/div>\n<div class=\"content\">\n<p>Doln\u00ed Old\u0159i\u0161 (deutsch Nieder Ullersdorf) ist ein kleines Dorf, Teil der Gemeinde Bulovka im Bezirk Liberec. Es liegt etwa 5 km nord\u00f6stlich von Bulovka. Auf der Website www.frydlantsko.com gibt es eine Postkarte und einen Ausschnitt aus einer Postkarte von Doln\u00ed Old\u0159\u00ed\u0161 mit der Darstellung des Denkmals von Kaiser Franz Joseph I. Der Text ist nicht lesbar. Dem Bild zufolge besteht das Denkmal aus einem quadratischen Sockel mit einer Gedenktafel und einer Steingruppe. Hinter der Gedenktafel w\u00e4chst ein Baum. Um das Denkmal herum gibt es einen niedrigen, wei\u00df gestrichenen Zaun.<\/p>\n<p>In the table Seznam drpalik NOV\u011a (5).xls, under item 141, the Monument to Emperor Franti\u0161ek Josef I in Doln\u00ed Old\u0159\u00ed\u0161 on Webr's Hill is listed.<br \/>\nDies ist das einzige Detail der Lage des Denkmals, das ich gefunden habe.<\/p>\n<\/div>","protected":false},"author":5,"featured_media":52102,"template":"","zarazeno-v-expozici":[252],"class_list":["post-52100","exponaty","type-exponaty","status-publish","has-post-thumbnail","hentry","zarazeno-v-expozici-sochy-a-pomniky-badatelska-cinnost-jiriho-danka"],"yoast_head":"<!-- This site is optimized with the Yoast SEO Premium plugin v20.12 (Yoast SEO v27.2) - https:\/\/yoast.com\/product\/yoast-seo-premium-wordpress\/ -->\n<title>DOLN\u00cd OLD\u0158\u00cd\u0160 &#8212; Muzeum c\u00edsa\u0159e Franz Josefa I.<\/title>\n<meta name=\"robots\" content=\"index, follow, max-snippet:-1, max-image-preview:large, max-video-preview:-1\" \/>\n<link rel=\"canonical\" href=\"https:\/\/www.franz-josef.cz\/de\/exponaty\/dolni-oldris\/\" \/>\n<meta property=\"og:locale\" content=\"de_DE\" \/>\n<meta property=\"og:type\" content=\"article\" \/>\n<meta property=\"og:title\" content=\"DOLN\u00cd OLD\u0158\u00cd\u0160\" \/>\n<meta property=\"og:description\" content=\"Doln\u00ed Old\u0159\u00ed\u0161 pam\u00e1tn\u00edk\u00a0 FJI. &nbsp; Pomn\u00edk c\u00edsa\u0159e FJI je jen na pohlednici. Zat\u00edm se nepoda\u0159ilo v\u00edc zjistit. Doln\u00ed Old\u0159i\u0161 (n\u011bmecky Nieder Ullersdorf) je mal\u00e1 vesnice, \u010d\u00e1st obce Bulovka v okrese Liberec. Nach\u00e1z\u00ed se asi 5 km na severov\u00fdchod od Bulovky. Na str\u00e1nk\u00e1ch www.frydlantsko.com je pohlednice a v\u00fd\u0159ez z pohlednice Doln\u00edho Old\u0159\u00ed\u0161e zobrazuj\u00edc\u00ed pomn\u00edk c\u00edsa\u0159e Franti\u0161ka [&hellip;]\" \/>\n<meta property=\"og:url\" content=\"https:\/\/www.franz-josef.cz\/de\/exponaty\/dolni-oldris\/\" \/>\n<meta property=\"og:site_name\" content=\"Muzeum c\u00edsa\u0159e Franz Josefa I.\" \/>\n<meta property=\"article:modified_time\" content=\"2023-08-31T21:25:07+00:00\" \/>\n<meta property=\"og:image\" content=\"https:\/\/www.franz-josef.cz\/wp-content\/uploads\/2023\/08\/DOL-1.jpg\" \/>\n\t<meta property=\"og:image:width\" content=\"455\" \/>\n\t<meta property=\"og:image:height\" content=\"600\" \/>\n\t<meta property=\"og:image:type\" content=\"image\/jpeg\" \/>\n<meta name=\"twitter:card\" content=\"summary_large_image\" \/>\n<meta name=\"twitter:label1\" content=\"Gesch\u00e4tzte Lesezeit\" \/>\n\t<meta name=\"twitter:data1\" content=\"1\u00a0Minute\" \/>\n<script type=\"application\/ld+json\" class=\"yoast-schema-graph\">{\"@context\":\"https:\/\/schema.org\",\"@graph\":[{\"@type\":\"WebPage\",\"@id\":\"https:\/\/www.franz-josef.cz\/exponaty\/dolni-oldris\/\",\"url\":\"https:\/\/www.franz-josef.cz\/exponaty\/dolni-oldris\/\",\"name\":\"DOLN\u00cd OLD\u0158\u00cd\u0160 &#8212; Muzeum c\u00edsa\u0159e Franz Josefa I.\",\"isPartOf\":{\"@id\":\"https:\/\/www.franz-josef.cz\/#website\"},\"primaryImageOfPage\":{\"@id\":\"https:\/\/www.franz-josef.cz\/exponaty\/dolni-oldris\/#primaryimage\"},\"image\":{\"@id\":\"https:\/\/www.franz-josef.cz\/exponaty\/dolni-oldris\/#primaryimage\"},\"thumbnailUrl\":\"https:\/\/www.franz-josef.cz\/wp-content\/uploads\/2023\/08\/DOL-1.jpg\",\"datePublished\":\"2023-08-26T17:53:35+00:00\",\"dateModified\":\"2023-08-31T21:25:07+00:00\",\"breadcrumb\":{\"@id\":\"https:\/\/www.franz-josef.cz\/exponaty\/dolni-oldris\/#breadcrumb\"},\"inLanguage\":\"de\",\"potentialAction\":[{\"@type\":\"ReadAction\",\"target\":[\"https:\/\/www.franz-josef.cz\/exponaty\/dolni-oldris\/\"]}]},{\"@type\":\"ImageObject\",\"inLanguage\":\"de\",\"@id\":\"https:\/\/www.franz-josef.cz\/exponaty\/dolni-oldris\/#primaryimage\",\"url\":\"https:\/\/www.franz-josef.cz\/wp-content\/uploads\/2023\/08\/DOL-1.jpg\",\"contentUrl\":\"https:\/\/www.franz-josef.cz\/wp-content\/uploads\/2023\/08\/DOL-1.jpg\",\"width\":455,\"height\":600},{\"@type\":\"BreadcrumbList\",\"@id\":\"https:\/\/www.franz-josef.cz\/exponaty\/dolni-oldris\/#breadcrumb\",\"itemListElement\":[{\"@type\":\"ListItem\",\"position\":1,\"name\":\"Home\",\"item\":\"https:\/\/www.franz-josef.cz\/\"},{\"@type\":\"ListItem\",\"position\":2,\"name\":\"Expon\u00e1ty\",\"item\":\"https:\/\/www.franz-josef.cz\/exponaty\/\"},{\"@type\":\"ListItem\",\"position\":3,\"name\":\"DOLN\u00cd OLD\u0158\u00cd\u0160\"}]},{\"@type\":\"WebSite\",\"@id\":\"https:\/\/www.franz-josef.cz\/#website\",\"url\":\"https:\/\/www.franz-josef.cz\/\",\"name\":\"Muzeum c\u00edsa\u0159e Franz Josefa I.\",\"description\":\"\",\"publisher\":{\"@id\":\"https:\/\/www.franz-josef.cz\/#organization\"},\"alternateName\":\"Franz Joseph\",\"potentialAction\":[{\"@type\":\"SearchAction\",\"target\":{\"@type\":\"EntryPoint\",\"urlTemplate\":\"https:\/\/www.franz-josef.cz\/?s={search_term_string}\"},\"query-input\":{\"@type\":\"PropertyValueSpecification\",\"valueRequired\":true,\"valueName\":\"search_term_string\"}}],\"inLanguage\":\"de\"},{\"@type\":\"Organization\",\"@id\":\"https:\/\/www.franz-josef.cz\/#organization\",\"name\":\"Muzeum Franz Josefa I.\",\"alternateName\":\"Franz Jozef\",\"url\":\"https:\/\/www.franz-josef.cz\/\",\"logo\":{\"@type\":\"ImageObject\",\"inLanguage\":\"de\",\"@id\":\"https:\/\/www.franz-josef.cz\/#\/schema\/logo\/image\/\",\"url\":\"https:\/\/www.franz-josef.cz\/wp-content\/uploads\/2023\/08\/Muzeum-Franz-Jozef-logo-696x696-1.png\",\"contentUrl\":\"https:\/\/www.franz-josef.cz\/wp-content\/uploads\/2023\/08\/Muzeum-Franz-Jozef-logo-696x696-1.png\",\"width\":696,\"height\":696,\"caption\":\"Muzeum Franz Josefa I.\"},\"image\":{\"@id\":\"https:\/\/www.franz-josef.cz\/#\/schema\/logo\/image\/\"}}]}<\/script>\n<!-- \/ Yoast SEO Premium plugin. -->","yoast_head_json":{"title":"DOLN\u00cd OLD\u0158\u00cd\u0160 &#8212; Muzeum c\u00edsa\u0159e Franz Josefa I.","robots":{"index":"index","follow":"follow","max-snippet":"max-snippet:-1","max-image-preview":"max-image-preview:large","max-video-preview":"max-video-preview:-1"},"canonical":"https:\/\/www.franz-josef.cz\/de\/exponaty\/dolni-oldris\/","og_locale":"de_DE","og_type":"article","og_title":"DOLN\u00cd OLD\u0158\u00cd\u0160","og_description":"Doln\u00ed Old\u0159\u00ed\u0161 pam\u00e1tn\u00edk\u00a0 FJI. &nbsp; Pomn\u00edk c\u00edsa\u0159e FJI je jen na pohlednici. Zat\u00edm se nepoda\u0159ilo v\u00edc zjistit. Doln\u00ed Old\u0159i\u0161 (n\u011bmecky Nieder Ullersdorf) je mal\u00e1 vesnice, \u010d\u00e1st obce Bulovka v okrese Liberec. Nach\u00e1z\u00ed se asi 5 km na severov\u00fdchod od Bulovky. Na str\u00e1nk\u00e1ch www.frydlantsko.com je pohlednice a v\u00fd\u0159ez z pohlednice Doln\u00edho Old\u0159\u00ed\u0161e zobrazuj\u00edc\u00ed pomn\u00edk c\u00edsa\u0159e Franti\u0161ka [&hellip;]","og_url":"https:\/\/www.franz-josef.cz\/de\/exponaty\/dolni-oldris\/","og_site_name":"Muzeum c\u00edsa\u0159e Franz Josefa I.","article_modified_time":"2023-08-31T21:25:07+00:00","og_image":[{"width":455,"height":600,"url":"https:\/\/www.franz-josef.cz\/wp-content\/uploads\/2023\/08\/DOL-1.jpg","type":"image\/jpeg"}],"twitter_card":"summary_large_image","twitter_misc":{"Gesch\u00e4tzte Lesezeit":"1\u00a0Minute"},"schema":{"@context":"https:\/\/schema.org","@graph":[{"@type":"WebPage","@id":"https:\/\/www.franz-josef.cz\/exponaty\/dolni-oldris\/","url":"https:\/\/www.franz-josef.cz\/exponaty\/dolni-oldris\/","name":"DOLN\u00cd OLD\u0158\u00cd\u0160 &#8212; Muzeum c\u00edsa\u0159e Franz Josefa I.","isPartOf":{"@id":"https:\/\/www.franz-josef.cz\/#website"},"primaryImageOfPage":{"@id":"https:\/\/www.franz-josef.cz\/exponaty\/dolni-oldris\/#primaryimage"},"image":{"@id":"https:\/\/www.franz-josef.cz\/exponaty\/dolni-oldris\/#primaryimage"},"thumbnailUrl":"https:\/\/www.franz-josef.cz\/wp-content\/uploads\/2023\/08\/DOL-1.jpg","datePublished":"2023-08-26T17:53:35+00:00","dateModified":"2023-08-31T21:25:07+00:00","breadcrumb":{"@id":"https:\/\/www.franz-josef.cz\/exponaty\/dolni-oldris\/#breadcrumb"},"inLanguage":"de","potentialAction":[{"@type":"ReadAction","target":["https:\/\/www.franz-josef.cz\/exponaty\/dolni-oldris\/"]}]},{"@type":"ImageObject","inLanguage":"de","@id":"https:\/\/www.franz-josef.cz\/exponaty\/dolni-oldris\/#primaryimage","url":"https:\/\/www.franz-josef.cz\/wp-content\/uploads\/2023\/08\/DOL-1.jpg","contentUrl":"https:\/\/www.franz-josef.cz\/wp-content\/uploads\/2023\/08\/DOL-1.jpg","width":455,"height":600},{"@type":"BreadcrumbList","@id":"https:\/\/www.franz-josef.cz\/exponaty\/dolni-oldris\/#breadcrumb","itemListElement":[{"@type":"ListItem","position":1,"name":"Home","item":"https:\/\/www.franz-josef.cz\/"},{"@type":"ListItem","position":2,"name":"Expon\u00e1ty","item":"https:\/\/www.franz-josef.cz\/exponaty\/"},{"@type":"ListItem","position":3,"name":"DOLN\u00cd OLD\u0158\u00cd\u0160"}]},{"@type":"WebSite","@id":"https:\/\/www.franz-josef.cz\/#website","url":"https:\/\/www.franz-josef.cz\/","name":"Muzeum c\u00edsa\u0159e Franz Josefa I.","description":"","publisher":{"@id":"https:\/\/www.franz-josef.cz\/#organization"},"alternateName":"Franz Joseph","potentialAction":[{"@type":"SearchAction","target":{"@type":"EntryPoint","urlTemplate":"https:\/\/www.franz-josef.cz\/?s={search_term_string}"},"query-input":{"@type":"PropertyValueSpecification","valueRequired":true,"valueName":"search_term_string"}}],"inLanguage":"de"},{"@type":"Organization","@id":"https:\/\/www.franz-josef.cz\/#organization","name":"Muzeum Franz Josefa I.","alternateName":"Franz Jozef","url":"https:\/\/www.franz-josef.cz\/","logo":{"@type":"ImageObject","inLanguage":"de","@id":"https:\/\/www.franz-josef.cz\/#\/schema\/logo\/image\/","url":"https:\/\/www.franz-josef.cz\/wp-content\/uploads\/2023\/08\/Muzeum-Franz-Jozef-logo-696x696-1.png","contentUrl":"https:\/\/www.franz-josef.cz\/wp-content\/uploads\/2023\/08\/Muzeum-Franz-Jozef-logo-696x696-1.png","width":696,"height":696,"caption":"Muzeum Franz Josefa I."},"image":{"@id":"https:\/\/www.franz-josef.cz\/#\/schema\/logo\/image\/"}}]}},"_links":{"self":[{"href":"https:\/\/www.franz-josef.cz\/de\/wp-json\/wp\/v2\/exponaty\/52100","targetHints":{"allow":["GET"]}}],"collection":[{"href":"https:\/\/www.franz-josef.cz\/de\/wp-json\/wp\/v2\/exponaty"}],"about":[{"href":"https:\/\/www.franz-josef.cz\/de\/wp-json\/wp\/v2\/types\/exponaty"}],"author":[{"embeddable":true,"href":"https:\/\/www.franz-josef.cz\/de\/wp-json\/wp\/v2\/users\/5"}],"version-history":[{"count":5,"href":"https:\/\/www.franz-josef.cz\/de\/wp-json\/wp\/v2\/exponaty\/52100\/revisions"}],"predecessor-version":[{"id":52530,"href":"https:\/\/www.franz-josef.cz\/de\/wp-json\/wp\/v2\/exponaty\/52100\/revisions\/52530"}],"wp:featuredmedia":[{"embeddable":true,"href":"https:\/\/www.franz-josef.cz\/de\/wp-json\/wp\/v2\/media\/52102"}],"wp:attachment":[{"href":"https:\/\/www.franz-josef.cz\/de\/wp-json\/wp\/v2\/media?parent=52100"}],"wp:term":[{"taxonomy":"zarazeno-v-expozici","embeddable":true,"href":"https:\/\/www.franz-josef.cz\/de\/wp-json\/wp\/v2\/zarazeno-v-expozici?post=52100"}],"curies":[{"name":"wp","href":"https:\/\/api.w.org\/{rel}","templated":true}]}}

DOLNÍ OLDŘÍŠ

<h1>Gedenkstätte Dolní Oldříš FJI.</h1>
<p>&nbsp;</p>
<h1><img fetchpriority="high" decoding="async" class="alignnone size-full wp-image-52102" src="https://www.franz-josef.cz/wp-content/uploads/2023/08/DOL-1.jpg" alt="" width="455" height="600" srcset="https://www.franz-josef.cz/wp-content/uploads/2023/08/DOL-1.jpg 455w, https://www.franz-josef.cz/wp-content/uploads/2023/08/DOL-1-228x300.jpg 228w" sizes="(max-width: 455px) 100vw, 455px" /></h1>
<div class="abstract">
<p>Das Denkmal von Kaiser FJI ist nur auf einer Postkarte zu sehen. Näheres konnte bisher nicht herausgefunden werden.</p>
</div>
<div class="content">
<p>Dolní Oldřiš (deutsch Nieder Ullersdorf) ist ein kleines Dorf, Teil der Gemeinde Bulovka im Bezirk Liberec. Es liegt etwa 5 km nordöstlich von Bulovka. Auf der Website www.frydlantsko.com gibt es eine Postkarte und einen Ausschnitt aus einer Postkarte von Dolní Oldříš mit der Darstellung des Denkmals von Kaiser Franz Joseph I. Der Text ist nicht lesbar. Dem Bild zufolge besteht das Denkmal aus einem quadratischen Sockel mit einer Gedenktafel und einer Steingruppe. Hinter der Gedenktafel wächst ein Baum. Um das Denkmal herum gibt es einen niedrigen, weiß gestrichenen Zaun.</p>
<p>In the table Seznam drpalik NOVĚ (5).xls, under item 141, the Monument to Emperor František Josef I in Dolní Oldříš on Webr's Hill is listed.<br />
Dies ist das einzige Detail der Lage des Denkmals, das ich gefunden habe.</p>
</div>

<!-- This site is optimized with the Yoast SEO Premium plugin v20.12 (Yoast SEO v27.2) - https://yoast.com/product/yoast-seo-premium-wordpress/ -->
<title>DOLNÍ OLDŘÍŠ &#8212; Muzeum císaře Franz Josefa I.</title>
<meta name="robots" content="index, follow, max-snippet:-1, max-image-preview:large, max-video-preview:-1" />
<link rel="canonical" href="https://www.franz-josef.cz/de/exponaty/dolni-oldris/" />
<meta property="og:locale" content="de_DE" />
<meta property="og:type" content="article" />
<meta property="og:title" content="DOLNÍ OLDŘÍŠ" />
<meta property="og:description" content="Dolní Oldříš památník  FJI. &nbsp; Pomník císaře FJI je jen na pohlednici. Zatím se nepodařilo víc zjistit. Dolní Oldřiš (německy Nieder Ullersdorf) je malá vesnice, část obce Bulovka v okrese Liberec. Nachází se asi 5 km na severovýchod od Bulovky. Na stránkách www.frydlantsko.com je pohlednice a výřez z pohlednice Dolního Oldříše zobrazující pomník císaře Františka [&hellip;]" />
<meta property="og:url" content="https://www.franz-josef.cz/de/exponaty/dolni-oldris/" />
<meta property="og:site_name" content="Muzeum císaře Franz Josefa I." />
<meta property="article:modified_time" content="2023-08-31T21:25:07+00:00" />
<meta property="og:image" content="https://www.franz-josef.cz/wp-content/uploads/2023/08/DOL-1.jpg" />
	<meta property="og:image:width" content="455" />
	<meta property="og:image:height" content="600" />
	<meta property="og:image:type" content="image/jpeg" />
<meta name="twitter:card" content="summary_large_image" />
<meta name="twitter:label1" content="Geschätzte Lesezeit" />
	<meta name="twitter:data1" content="1 Minute" />
<script type="application/ld+json" class="yoast-schema-graph">{"@context":"https://schema.org","@graph":[{"@type":"WebPage","@id":"https://www.franz-josef.cz/exponaty/dolni-oldris/","url":"https://www.franz-josef.cz/exponaty/dolni-oldris/","name":"DOLNÍ OLDŘÍŠ &#8212; Muzeum císaře Franz Josefa I.","isPartOf":{"@id":"https://www.franz-josef.cz/#website"},"primaryImageOfPage":{"@id":"https://www.franz-josef.cz/exponaty/dolni-oldris/#primaryimage"},"image":{"@id":"https://www.franz-josef.cz/exponaty/dolni-oldris/#primaryimage"},"thumbnailUrl":"https://www.franz-josef.cz/wp-content/uploads/2023/08/DOL-1.jpg","datePublished":"2023-08-26T17:53:35+00:00","dateModified":"2023-08-31T21:25:07+00:00","breadcrumb":{"@id":"https://www.franz-josef.cz/exponaty/dolni-oldris/#breadcrumb"},"inLanguage":"de","potentialAction":[{"@type":"ReadAction","target":["https://www.franz-josef.cz/exponaty/dolni-oldris/"]}]},{"@type":"ImageObject","inLanguage":"de","@id":"https://www.franz-josef.cz/exponaty/dolni-oldris/#primaryimage","url":"https://www.franz-josef.cz/wp-content/uploads/2023/08/DOL-1.jpg","contentUrl":"https://www.franz-josef.cz/wp-content/uploads/2023/08/DOL-1.jpg","width":455,"height":600},{"@type":"BreadcrumbList","@id":"https://www.franz-josef.cz/exponaty/dolni-oldris/#breadcrumb","itemListElement":[{"@type":"ListItem","position":1,"name":"Home","item":"https://www.franz-josef.cz/"},{"@type":"ListItem","position":2,"name":"Exponáty","item":"https://www.franz-josef.cz/exponaty/"},{"@type":"ListItem","position":3,"name":"DOLNÍ OLDŘÍŠ"}]},{"@type":"WebSite","@id":"https://www.franz-josef.cz/#website","url":"https://www.franz-josef.cz/","name":"Muzeum císaře Franz Josefa I.","description":"","publisher":{"@id":"https://www.franz-josef.cz/#organization"},"alternateName":"Franz Joseph","potentialAction":[{"@type":"SearchAction","target":{"@type":"EntryPoint","urlTemplate":"https://www.franz-josef.cz/?s={search_term_string}"},"query-input":{"@type":"PropertyValueSpecification","valueRequired":true,"valueName":"search_term_string"}}],"inLanguage":"de"},{"@type":"Organization","@id":"https://www.franz-josef.cz/#organization","name":"Muzeum Franz Josefa I.","alternateName":"Franz Jozef","url":"https://www.franz-josef.cz/","logo":{"@type":"ImageObject","inLanguage":"de","@id":"https://www.franz-josef.cz/#/schema/logo/image/","url":"https://www.franz-josef.cz/wp-content/uploads/2023/08/Muzeum-Franz-Jozef-logo-696x696-1.png","contentUrl":"https://www.franz-josef.cz/wp-content/uploads/2023/08/Muzeum-Franz-Jozef-logo-696x696-1.png","width":696,"height":696,"caption":"Muzeum Franz Josefa I."},"image":{"@id":"https://www.franz-josef.cz/#/schema/logo/image/"}}]}</script>
<!-- / Yoast SEO Premium plugin. -->

DOLNÍ OLDŘÍŠ &#8212; Muzeum císaře Franz Josefa I.

Dolní Oldříš památník  FJI. &nbsp; Pomník císaře FJI je jen na pohlednici. Zatím se nepodařilo víc zjistit. Dolní Oldřiš (německy Nieder Ullersdorf) je malá vesnice, část obce Bulovka v okrese Liberec. Nachází se asi 5 km na severovýchod od Bulovky. Na stránkách www.frydlantsko.com je pohlednice a výřez z pohlednice Dolního Oldříše zobrazující pomník císaře Františka [&hellip;]

Muzeum císaře Franz Josefa I.

Exponáty
