{"id":50695,"date":"2023-07-23T18:16:25","date_gmt":"2023-07-23T16:16:25","guid":{"rendered":"https:\/\/www.franz-josef.cz\/?post_type=polozky-v-prodeji&#038;p=50695"},"modified":"2023-07-23T18:16:25","modified_gmt":"2023-07-23T16:16:25","slug":"portrety-elisabeth-od-mladi-po-umrti","status":"publish","type":"polozky-v-prodeji","link":"https:\/\/www.franz-josef.cz\/de\/v-prodeji\/portrety-elisabeth-od-mladi-po-umrti\/","title":{"rendered":"Portr\u00e4ts von Elisabeth \u2013 von der Jugend bis zum Tod"},"content":{"rendered":"<p><img fetchpriority=\"high\" decoding=\"async\" class=\"alignnone size-large wp-image-50667\" src=\"https:\/\/www.franz-josef.cz\/wp-content\/uploads\/2023\/07\/1187-1-673x1024.jpg\" alt=\"\" width=\"673\" height=\"1024\" srcset=\"https:\/\/www.franz-josef.cz\/wp-content\/uploads\/2023\/07\/1187-1-673x1024.jpg 673w, https:\/\/www.franz-josef.cz\/wp-content\/uploads\/2023\/07\/1187-1-197x300.jpg 197w, https:\/\/www.franz-josef.cz\/wp-content\/uploads\/2023\/07\/1187-1.jpg 726w\" sizes=\"(max-width: 673px) 100vw, 673px\" \/> <img decoding=\"async\" class=\"alignnone size-large wp-image-50668 lazyload\" data-src=\"https:\/\/www.franz-josef.cz\/wp-content\/uploads\/2023\/07\/1187a-1024x680.jpg\" alt=\"\" width=\"1024\" height=\"680\" data-srcset=\"https:\/\/www.franz-josef.cz\/wp-content\/uploads\/2023\/07\/1187a-1024x680.jpg 1024w, https:\/\/www.franz-josef.cz\/wp-content\/uploads\/2023\/07\/1187a-300x199.jpg 300w, https:\/\/www.franz-josef.cz\/wp-content\/uploads\/2023\/07\/1187a-768x510.jpg 768w\" data-sizes=\"(max-width: 1024px) 100vw, 1024px\" src=\"data:image\/gif;base64,R0lGODlhAQABAAAAACH5BAEKAAEALAAAAAABAAEAAAICTAEAOw==\" style=\"--smush-placeholder-width: 1024px; --smush-placeholder-aspect-ratio: 1024\/680;\" \/><noscript><img decoding=\"async\" class=\"alignnone size-large wp-image-50668\" src=\"https:\/\/www.franz-josef.cz\/wp-content\/uploads\/2023\/07\/1187a-1024x680.jpg\" alt=\"\" width=\"1024\" height=\"680\" srcset=\"https:\/\/www.franz-josef.cz\/wp-content\/uploads\/2023\/07\/1187a-1024x680.jpg 1024w, https:\/\/www.franz-josef.cz\/wp-content\/uploads\/2023\/07\/1187a-300x199.jpg 300w, https:\/\/www.franz-josef.cz\/wp-content\/uploads\/2023\/07\/1187a-768x510.jpg 768w\" sizes=\"(max-width: 1024px) 100vw, 1024px\" \/><\/noscript><\/p>","protected":false},"author":3,"featured_media":50667,"template":"","zaradit-polozku-na-prodej":[269],"class_list":["post-50695","polozky-v-prodeji","type-polozky-v-prodeji","status-publish","has-post-thumbnail","hentry","zaradit-polozku-na-prodej-pohlednice"],"yoast_head":"<!-- This site is optimized with the Yoast SEO Premium plugin v20.12 (Yoast SEO v27.2) - https:\/\/yoast.com\/product\/yoast-seo-premium-wordpress\/ -->\n<title>Portr\u00e9ty Elisabeth- od ml\u00e1d\u00ed po \u00famrt\u00ed &#8212; Prodej p\u0159ebytk\u016f &#8212; Muzeum c\u00edsa\u0159e Franz Josefa I.<\/title>\n<meta name=\"robots\" content=\"index, follow, max-snippet:-1, max-image-preview:large, max-video-preview:-1\" \/>\n<link rel=\"canonical\" href=\"https:\/\/www.franz-josef.cz\/de\/v-prodeji\/portrety-elisabeth-od-mladi-po-umrti\/\" \/>\n<meta property=\"og:locale\" content=\"de_DE\" \/>\n<meta property=\"og:type\" content=\"article\" \/>\n<meta property=\"og:title\" content=\"Portr\u00e9ty Elisabeth- od ml\u00e1d\u00ed po \u00famrt\u00ed\" \/>\n<meta property=\"og:url\" content=\"https:\/\/www.franz-josef.cz\/de\/v-prodeji\/portrety-elisabeth-od-mladi-po-umrti\/\" \/>\n<meta property=\"og:site_name\" content=\"Muzeum c\u00edsa\u0159e Franz Josefa I.\" \/>\n<meta property=\"og:image\" content=\"https:\/\/www.franz-josef.cz\/wp-content\/uploads\/2023\/07\/1187-1.jpg\" \/>\n\t<meta property=\"og:image:width\" content=\"726\" \/>\n\t<meta property=\"og:image:height\" content=\"1104\" \/>\n\t<meta property=\"og:image:type\" content=\"image\/jpeg\" \/>\n<meta name=\"twitter:card\" content=\"summary_large_image\" \/>\n<script type=\"application\/ld+json\" class=\"yoast-schema-graph\">{\"@context\":\"https:\/\/schema.org\",\"@graph\":[{\"@type\":\"WebPage\",\"@id\":\"https:\/\/www.franz-josef.cz\/v-prodeji\/portrety-elisabeth-od-mladi-po-umrti\/\",\"url\":\"https:\/\/www.franz-josef.cz\/v-prodeji\/portrety-elisabeth-od-mladi-po-umrti\/\",\"name\":\"Portr\u00e9ty Elisabeth- od ml\u00e1d\u00ed po \u00famrt\u00ed &#8212; Prodej p\u0159ebytk\u016f &#8212; Muzeum c\u00edsa\u0159e Franz Josefa I.\",\"isPartOf\":{\"@id\":\"https:\/\/www.franz-josef.cz\/#website\"},\"primaryImageOfPage\":{\"@id\":\"https:\/\/www.franz-josef.cz\/v-prodeji\/portrety-elisabeth-od-mladi-po-umrti\/#primaryimage\"},\"image\":{\"@id\":\"https:\/\/www.franz-josef.cz\/v-prodeji\/portrety-elisabeth-od-mladi-po-umrti\/#primaryimage\"},\"thumbnailUrl\":\"https:\/\/www.franz-josef.cz\/wp-content\/uploads\/2023\/07\/1187-1.jpg\",\"datePublished\":\"2023-07-23T16:16:25+00:00\",\"breadcrumb\":{\"@id\":\"https:\/\/www.franz-josef.cz\/v-prodeji\/portrety-elisabeth-od-mladi-po-umrti\/#breadcrumb\"},\"inLanguage\":\"de\",\"potentialAction\":[{\"@type\":\"ReadAction\",\"target\":[\"https:\/\/www.franz-josef.cz\/v-prodeji\/portrety-elisabeth-od-mladi-po-umrti\/\"]}]},{\"@type\":\"ImageObject\",\"inLanguage\":\"de\",\"@id\":\"https:\/\/www.franz-josef.cz\/v-prodeji\/portrety-elisabeth-od-mladi-po-umrti\/#primaryimage\",\"url\":\"https:\/\/www.franz-josef.cz\/wp-content\/uploads\/2023\/07\/1187-1.jpg\",\"contentUrl\":\"https:\/\/www.franz-josef.cz\/wp-content\/uploads\/2023\/07\/1187-1.jpg\",\"width\":726,\"height\":1104},{\"@type\":\"BreadcrumbList\",\"@id\":\"https:\/\/www.franz-josef.cz\/v-prodeji\/portrety-elisabeth-od-mladi-po-umrti\/#breadcrumb\",\"itemListElement\":[{\"@type\":\"ListItem\",\"position\":1,\"name\":\"Home\",\"item\":\"https:\/\/www.franz-josef.cz\/\"},{\"@type\":\"ListItem\",\"position\":2,\"name\":\"Polo\u017eky v prodeji\",\"item\":\"https:\/\/www.franz-josef.cz\/v-prodeji\/\"},{\"@type\":\"ListItem\",\"position\":3,\"name\":\"Portr\u00e9ty Elisabeth- od ml\u00e1d\u00ed po \u00famrt\u00ed\"}]},{\"@type\":\"WebSite\",\"@id\":\"https:\/\/www.franz-josef.cz\/#website\",\"url\":\"https:\/\/www.franz-josef.cz\/\",\"name\":\"Muzeum c\u00edsa\u0159e Franz Josefa I.\",\"description\":\"\",\"publisher\":{\"@id\":\"https:\/\/www.franz-josef.cz\/#organization\"},\"alternateName\":\"Franz Joseph\",\"potentialAction\":[{\"@type\":\"SearchAction\",\"target\":{\"@type\":\"EntryPoint\",\"urlTemplate\":\"https:\/\/www.franz-josef.cz\/?s={search_term_string}\"},\"query-input\":{\"@type\":\"PropertyValueSpecification\",\"valueRequired\":true,\"valueName\":\"search_term_string\"}}],\"inLanguage\":\"de\"},{\"@type\":\"Organization\",\"@id\":\"https:\/\/www.franz-josef.cz\/#organization\",\"name\":\"Muzeum Franz Josefa I.\",\"alternateName\":\"Franz Jozef\",\"url\":\"https:\/\/www.franz-josef.cz\/\",\"logo\":{\"@type\":\"ImageObject\",\"inLanguage\":\"de\",\"@id\":\"https:\/\/www.franz-josef.cz\/#\/schema\/logo\/image\/\",\"url\":\"https:\/\/www.franz-josef.cz\/wp-content\/uploads\/2023\/08\/Muzeum-Franz-Jozef-logo-696x696-1.png\",\"contentUrl\":\"https:\/\/www.franz-josef.cz\/wp-content\/uploads\/2023\/08\/Muzeum-Franz-Jozef-logo-696x696-1.png\",\"width\":696,\"height\":696,\"caption\":\"Muzeum Franz Josefa I.\"},\"image\":{\"@id\":\"https:\/\/www.franz-josef.cz\/#\/schema\/logo\/image\/\"}}]}<\/script>\n<!-- \/ Yoast SEO Premium plugin. -->","yoast_head_json":{"title":"Portr\u00e9ty Elisabeth- od ml\u00e1d\u00ed po \u00famrt\u00ed &#8212; Prodej p\u0159ebytk\u016f &#8212; Muzeum c\u00edsa\u0159e Franz Josefa I.","robots":{"index":"index","follow":"follow","max-snippet":"max-snippet:-1","max-image-preview":"max-image-preview:large","max-video-preview":"max-video-preview:-1"},"canonical":"https:\/\/www.franz-josef.cz\/de\/v-prodeji\/portrety-elisabeth-od-mladi-po-umrti\/","og_locale":"de_DE","og_type":"article","og_title":"Portr\u00e9ty Elisabeth- od ml\u00e1d\u00ed po \u00famrt\u00ed","og_url":"https:\/\/www.franz-josef.cz\/de\/v-prodeji\/portrety-elisabeth-od-mladi-po-umrti\/","og_site_name":"Muzeum c\u00edsa\u0159e Franz Josefa I.","og_image":[{"width":726,"height":1104,"url":"https:\/\/www.franz-josef.cz\/wp-content\/uploads\/2023\/07\/1187-1.jpg","type":"image\/jpeg"}],"twitter_card":"summary_large_image","schema":{"@context":"https:\/\/schema.org","@graph":[{"@type":"WebPage","@id":"https:\/\/www.franz-josef.cz\/v-prodeji\/portrety-elisabeth-od-mladi-po-umrti\/","url":"https:\/\/www.franz-josef.cz\/v-prodeji\/portrety-elisabeth-od-mladi-po-umrti\/","name":"Portr\u00e9ty Elisabeth- od ml\u00e1d\u00ed po \u00famrt\u00ed &#8212; Prodej p\u0159ebytk\u016f &#8212; Muzeum c\u00edsa\u0159e Franz Josefa I.","isPartOf":{"@id":"https:\/\/www.franz-josef.cz\/#website"},"primaryImageOfPage":{"@id":"https:\/\/www.franz-josef.cz\/v-prodeji\/portrety-elisabeth-od-mladi-po-umrti\/#primaryimage"},"image":{"@id":"https:\/\/www.franz-josef.cz\/v-prodeji\/portrety-elisabeth-od-mladi-po-umrti\/#primaryimage"},"thumbnailUrl":"https:\/\/www.franz-josef.cz\/wp-content\/uploads\/2023\/07\/1187-1.jpg","datePublished":"2023-07-23T16:16:25+00:00","breadcrumb":{"@id":"https:\/\/www.franz-josef.cz\/v-prodeji\/portrety-elisabeth-od-mladi-po-umrti\/#breadcrumb"},"inLanguage":"de","potentialAction":[{"@type":"ReadAction","target":["https:\/\/www.franz-josef.cz\/v-prodeji\/portrety-elisabeth-od-mladi-po-umrti\/"]}]},{"@type":"ImageObject","inLanguage":"de","@id":"https:\/\/www.franz-josef.cz\/v-prodeji\/portrety-elisabeth-od-mladi-po-umrti\/#primaryimage","url":"https:\/\/www.franz-josef.cz\/wp-content\/uploads\/2023\/07\/1187-1.jpg","contentUrl":"https:\/\/www.franz-josef.cz\/wp-content\/uploads\/2023\/07\/1187-1.jpg","width":726,"height":1104},{"@type":"BreadcrumbList","@id":"https:\/\/www.franz-josef.cz\/v-prodeji\/portrety-elisabeth-od-mladi-po-umrti\/#breadcrumb","itemListElement":[{"@type":"ListItem","position":1,"name":"Home","item":"https:\/\/www.franz-josef.cz\/"},{"@type":"ListItem","position":2,"name":"Polo\u017eky v prodeji","item":"https:\/\/www.franz-josef.cz\/v-prodeji\/"},{"@type":"ListItem","position":3,"name":"Portr\u00e9ty Elisabeth- od ml\u00e1d\u00ed po \u00famrt\u00ed"}]},{"@type":"WebSite","@id":"https:\/\/www.franz-josef.cz\/#website","url":"https:\/\/www.franz-josef.cz\/","name":"Muzeum c\u00edsa\u0159e Franz Josefa I.","description":"","publisher":{"@id":"https:\/\/www.franz-josef.cz\/#organization"},"alternateName":"Franz Joseph","potentialAction":[{"@type":"SearchAction","target":{"@type":"EntryPoint","urlTemplate":"https:\/\/www.franz-josef.cz\/?s={search_term_string}"},"query-input":{"@type":"PropertyValueSpecification","valueRequired":true,"valueName":"search_term_string"}}],"inLanguage":"de"},{"@type":"Organization","@id":"https:\/\/www.franz-josef.cz\/#organization","name":"Muzeum Franz Josefa I.","alternateName":"Franz Jozef","url":"https:\/\/www.franz-josef.cz\/","logo":{"@type":"ImageObject","inLanguage":"de","@id":"https:\/\/www.franz-josef.cz\/#\/schema\/logo\/image\/","url":"https:\/\/www.franz-josef.cz\/wp-content\/uploads\/2023\/08\/Muzeum-Franz-Jozef-logo-696x696-1.png","contentUrl":"https:\/\/www.franz-josef.cz\/wp-content\/uploads\/2023\/08\/Muzeum-Franz-Jozef-logo-696x696-1.png","width":696,"height":696,"caption":"Muzeum Franz Josefa I."},"image":{"@id":"https:\/\/www.franz-josef.cz\/#\/schema\/logo\/image\/"}}]}},"_links":{"self":[{"href":"https:\/\/www.franz-josef.cz\/de\/wp-json\/wp\/v2\/polozky-v-prodeji\/50695","targetHints":{"allow":["GET"]}}],"collection":[{"href":"https:\/\/www.franz-josef.cz\/de\/wp-json\/wp\/v2\/polozky-v-prodeji"}],"about":[{"href":"https:\/\/www.franz-josef.cz\/de\/wp-json\/wp\/v2\/types\/polozky-v-prodeji"}],"author":[{"embeddable":true,"href":"https:\/\/www.franz-josef.cz\/de\/wp-json\/wp\/v2\/users\/3"}],"wp:featuredmedia":[{"embeddable":true,"href":"https:\/\/www.franz-josef.cz\/de\/wp-json\/wp\/v2\/media\/50667"}],"wp:attachment":[{"href":"https:\/\/www.franz-josef.cz\/de\/wp-json\/wp\/v2\/media?parent=50695"}],"wp:term":[{"taxonomy":"zaradit-polozku-na-prodej","embeddable":true,"href":"https:\/\/www.franz-josef.cz\/de\/wp-json\/wp\/v2\/zaradit-polozku-na-prodej?post=50695"}],"curies":[{"name":"wp","href":"https:\/\/api.w.org\/{rel}","templated":true}]}}

Porträts von Elisabeth – von der Jugend bis zum Tod

<!-- This site is optimized with the Yoast SEO Premium plugin v20.12 (Yoast SEO v27.2) - https://yoast.com/product/yoast-seo-premium-wordpress/ -->
<title>Portréty Elisabeth- od mládí po úmrtí &#8212; Prodej přebytků &#8212; Muzeum císaře Franz Josefa I.</title>
<meta name="robots" content="index, follow, max-snippet:-1, max-image-preview:large, max-video-preview:-1" />
<link rel="canonical" href="https://www.franz-josef.cz/de/v-prodeji/portrety-elisabeth-od-mladi-po-umrti/" />
<meta property="og:locale" content="de_DE" />
<meta property="og:type" content="article" />
<meta property="og:title" content="Portréty Elisabeth- od mládí po úmrtí" />
<meta property="og:url" content="https://www.franz-josef.cz/de/v-prodeji/portrety-elisabeth-od-mladi-po-umrti/" />
<meta property="og:site_name" content="Muzeum císaře Franz Josefa I." />
<meta property="og:image" content="https://www.franz-josef.cz/wp-content/uploads/2023/07/1187-1.jpg" />
	<meta property="og:image:width" content="726" />
	<meta property="og:image:height" content="1104" />
	<meta property="og:image:type" content="image/jpeg" />
<meta name="twitter:card" content="summary_large_image" />
<script type="application/ld+json" class="yoast-schema-graph">{"@context":"https://schema.org","@graph":[{"@type":"WebPage","@id":"https://www.franz-josef.cz/v-prodeji/portrety-elisabeth-od-mladi-po-umrti/","url":"https://www.franz-josef.cz/v-prodeji/portrety-elisabeth-od-mladi-po-umrti/","name":"Portréty Elisabeth- od mládí po úmrtí &#8212; Prodej přebytků &#8212; Muzeum císaře Franz Josefa I.","isPartOf":{"@id":"https://www.franz-josef.cz/#website"},"primaryImageOfPage":{"@id":"https://www.franz-josef.cz/v-prodeji/portrety-elisabeth-od-mladi-po-umrti/#primaryimage"},"image":{"@id":"https://www.franz-josef.cz/v-prodeji/portrety-elisabeth-od-mladi-po-umrti/#primaryimage"},"thumbnailUrl":"https://www.franz-josef.cz/wp-content/uploads/2023/07/1187-1.jpg","datePublished":"2023-07-23T16:16:25+00:00","breadcrumb":{"@id":"https://www.franz-josef.cz/v-prodeji/portrety-elisabeth-od-mladi-po-umrti/#breadcrumb"},"inLanguage":"de","potentialAction":[{"@type":"ReadAction","target":["https://www.franz-josef.cz/v-prodeji/portrety-elisabeth-od-mladi-po-umrti/"]}]},{"@type":"ImageObject","inLanguage":"de","@id":"https://www.franz-josef.cz/v-prodeji/portrety-elisabeth-od-mladi-po-umrti/#primaryimage","url":"https://www.franz-josef.cz/wp-content/uploads/2023/07/1187-1.jpg","contentUrl":"https://www.franz-josef.cz/wp-content/uploads/2023/07/1187-1.jpg","width":726,"height":1104},{"@type":"BreadcrumbList","@id":"https://www.franz-josef.cz/v-prodeji/portrety-elisabeth-od-mladi-po-umrti/#breadcrumb","itemListElement":[{"@type":"ListItem","position":1,"name":"Home","item":"https://www.franz-josef.cz/"},{"@type":"ListItem","position":2,"name":"Položky v prodeji","item":"https://www.franz-josef.cz/v-prodeji/"},{"@type":"ListItem","position":3,"name":"Portréty Elisabeth- od mládí po úmrtí"}]},{"@type":"WebSite","@id":"https://www.franz-josef.cz/#website","url":"https://www.franz-josef.cz/","name":"Muzeum císaře Franz Josefa I.","description":"","publisher":{"@id":"https://www.franz-josef.cz/#organization"},"alternateName":"Franz Joseph","potentialAction":[{"@type":"SearchAction","target":{"@type":"EntryPoint","urlTemplate":"https://www.franz-josef.cz/?s={search_term_string}"},"query-input":{"@type":"PropertyValueSpecification","valueRequired":true,"valueName":"search_term_string"}}],"inLanguage":"de"},{"@type":"Organization","@id":"https://www.franz-josef.cz/#organization","name":"Muzeum Franz Josefa I.","alternateName":"Franz Jozef","url":"https://www.franz-josef.cz/","logo":{"@type":"ImageObject","inLanguage":"de","@id":"https://www.franz-josef.cz/#/schema/logo/image/","url":"https://www.franz-josef.cz/wp-content/uploads/2023/08/Muzeum-Franz-Jozef-logo-696x696-1.png","contentUrl":"https://www.franz-josef.cz/wp-content/uploads/2023/08/Muzeum-Franz-Jozef-logo-696x696-1.png","width":696,"height":696,"caption":"Muzeum Franz Josefa I."},"image":{"@id":"https://www.franz-josef.cz/#/schema/logo/image/"}}]}</script>
<!-- / Yoast SEO Premium plugin. -->

Portréty Elisabeth- od mládí po úmrtí &#8212; Prodej přebytků &#8212; Muzeum císaře Franz Josefa I.

Portréty Elisabeth- od mládí po úmrtí

Muzeum císaře Franz Josefa I.

Položky v prodeji
