{"id":52012,"date":"2023-08-25T20:02:46","date_gmt":"2023-08-25T18:02:46","guid":{"rendered":"https:\/\/www.franz-josef.cz\/?post_type=exponaty&#038;p=52012"},"modified":"2023-08-31T23:09:06","modified_gmt":"2023-08-31T21:09:06","slug":"brno-stary-liskovec","status":"publish","type":"exponaty","link":"https:\/\/www.franz-josef.cz\/en\/exponaty\/brno-stary-liskovec\/","title":{"rendered":"BRNO STAR\u00dd L\u00cdSKOVEC"},"content":{"rendered":"<div class=\"abstract\">\n<h1>Commemorative plaque of Emperor FJI from 1889 in the school in Brno Star\u00fd L\u00edskovec<\/h1>\n<\/div>\n<p>&nbsp;<\/p>\n<p>&nbsp;<\/p>\n<div class=\"content\">\n<p>In the entrance area of the school in Brno Star\u00e9 L\u00edskovec, there was a commemorative plaque commemorating the status of the school in 1889. The commemorative plaque was made of white marble with a gold engraved inscription with black shaded letters.<\/p>\n<p>&nbsp;<\/p>\n<p><img fetchpriority=\"high\" decoding=\"async\" class=\"alignnone size-full wp-image-52014\" src=\"https:\/\/www.franz-josef.cz\/wp-content\/uploads\/2023\/08\/BRNO-KLOBASOVA-9-Liskovec.jpg\" alt=\"\" width=\"750\" height=\"393\" srcset=\"https:\/\/www.franz-josef.cz\/wp-content\/uploads\/2023\/08\/BRNO-KLOBASOVA-9-Liskovec.jpg 750w, https:\/\/www.franz-josef.cz\/wp-content\/uploads\/2023\/08\/BRNO-KLOBASOVA-9-Liskovec-300x157.jpg 300w\" sizes=\"(max-width: 750px) 100vw, 750px\" \/> <img decoding=\"async\" class=\"alignnone size-full wp-image-52015 lazyload\" data-src=\"https:\/\/www.franz-josef.cz\/wp-content\/uploads\/2023\/08\/BRNO-LISKOVEC.jpg\" alt=\"\" width=\"750\" height=\"459\" data-srcset=\"https:\/\/www.franz-josef.cz\/wp-content\/uploads\/2023\/08\/BRNO-LISKOVEC.jpg 750w, https:\/\/www.franz-josef.cz\/wp-content\/uploads\/2023\/08\/BRNO-LISKOVEC-300x184.jpg 300w\" data-sizes=\"(max-width: 750px) 100vw, 750px\" src=\"data:image\/gif;base64,R0lGODlhAQABAAAAACH5BAEKAAEALAAAAAABAAEAAAICTAEAOw==\" style=\"--smush-placeholder-width: 750px; --smush-placeholder-aspect-ratio: 750\/459;\" \/><noscript><img decoding=\"async\" class=\"alignnone size-full wp-image-52015\" src=\"https:\/\/www.franz-josef.cz\/wp-content\/uploads\/2023\/08\/BRNO-LISKOVEC.jpg\" alt=\"\" width=\"750\" height=\"459\" srcset=\"https:\/\/www.franz-josef.cz\/wp-content\/uploads\/2023\/08\/BRNO-LISKOVEC.jpg 750w, https:\/\/www.franz-josef.cz\/wp-content\/uploads\/2023\/08\/BRNO-LISKOVEC-300x184.jpg 300w\" sizes=\"(max-width: 750px) 100vw, 750px\" \/><\/noscript><\/p>\n<\/div>","protected":false},"author":5,"featured_media":52015,"template":"","zarazeno-v-expozici":[252],"class_list":["post-52012","exponaty","type-exponaty","status-publish","has-post-thumbnail","hentry","zarazeno-v-expozici-sochy-a-pomniky-badatelska-cinnost-jiriho-danka"],"yoast_head":"<!-- This site is optimized with the Yoast SEO Premium plugin v20.12 (Yoast SEO v27.2) - https:\/\/yoast.com\/product\/yoast-seo-premium-wordpress\/ -->\n<title>BRNO STAR\u00dd L\u00cdSKOVEC &#8212; Muzeum c\u00edsa\u0159e Franz Josefa I.<\/title>\n<meta name=\"robots\" content=\"index, follow, max-snippet:-1, max-image-preview:large, max-video-preview:-1\" \/>\n<link rel=\"canonical\" href=\"https:\/\/www.franz-josef.cz\/en\/exponaty\/brno-stary-liskovec\/\" \/>\n<meta property=\"og:locale\" content=\"en_GB\" \/>\n<meta property=\"og:type\" content=\"article\" \/>\n<meta property=\"og:title\" content=\"BRNO STAR\u00dd L\u00cdSKOVEC\" \/>\n<meta property=\"og:description\" content=\"Pam\u011btn\u00ed deska c\u00edsa\u0159e FJI z roku 1889 ve \u0161kole v Brn\u011b Star\u00e9m L\u00edskovci &nbsp; &nbsp; Ve vstupn\u00edm prostoru \u0161koly v Brn\u011b Star\u00e9m L\u00edskovci byla pam\u011btn\u00ed deska p\u0159ipom\u00ednaj\u00edc\u00ed postaven\u00ed \u0161koly v roce 1889. Pam\u011btn\u00ed deska byla z b\u00edl\u00e9ho mramoru se zlat\u00fdm ryt\u00fdm n\u00e1pisem s \u010dern\u011b st\u00ednovan\u00fdmi p\u00edsmeny. &nbsp;\" \/>\n<meta property=\"og:url\" content=\"https:\/\/www.franz-josef.cz\/en\/exponaty\/brno-stary-liskovec\/\" \/>\n<meta property=\"og:site_name\" content=\"Muzeum c\u00edsa\u0159e Franz Josefa I.\" \/>\n<meta property=\"article:modified_time\" content=\"2023-08-31T21:09:06+00:00\" \/>\n<meta property=\"og:image\" content=\"https:\/\/www.franz-josef.cz\/wp-content\/uploads\/2023\/08\/BRNO-LISKOVEC.jpg\" \/>\n\t<meta property=\"og:image:width\" content=\"750\" \/>\n\t<meta property=\"og:image:height\" content=\"459\" \/>\n\t<meta property=\"og:image:type\" content=\"image\/jpeg\" \/>\n<meta name=\"twitter:card\" content=\"summary_large_image\" \/>\n<meta name=\"twitter:label1\" content=\"Estimated reading time\" \/>\n\t<meta name=\"twitter:data1\" content=\"1 minute\" \/>\n<script type=\"application\/ld+json\" class=\"yoast-schema-graph\">{\"@context\":\"https:\/\/schema.org\",\"@graph\":[{\"@type\":\"WebPage\",\"@id\":\"https:\/\/www.franz-josef.cz\/exponaty\/brno-stary-liskovec\/\",\"url\":\"https:\/\/www.franz-josef.cz\/exponaty\/brno-stary-liskovec\/\",\"name\":\"BRNO STAR\u00dd L\u00cdSKOVEC &#8212; Muzeum c\u00edsa\u0159e Franz Josefa I.\",\"isPartOf\":{\"@id\":\"https:\/\/www.franz-josef.cz\/#website\"},\"primaryImageOfPage\":{\"@id\":\"https:\/\/www.franz-josef.cz\/exponaty\/brno-stary-liskovec\/#primaryimage\"},\"image\":{\"@id\":\"https:\/\/www.franz-josef.cz\/exponaty\/brno-stary-liskovec\/#primaryimage\"},\"thumbnailUrl\":\"https:\/\/www.franz-josef.cz\/wp-content\/uploads\/2023\/08\/BRNO-LISKOVEC.jpg\",\"datePublished\":\"2023-08-25T18:02:46+00:00\",\"dateModified\":\"2023-08-31T21:09:06+00:00\",\"breadcrumb\":{\"@id\":\"https:\/\/www.franz-josef.cz\/exponaty\/brno-stary-liskovec\/#breadcrumb\"},\"inLanguage\":\"en-GB\",\"potentialAction\":[{\"@type\":\"ReadAction\",\"target\":[\"https:\/\/www.franz-josef.cz\/exponaty\/brno-stary-liskovec\/\"]}]},{\"@type\":\"ImageObject\",\"inLanguage\":\"en-GB\",\"@id\":\"https:\/\/www.franz-josef.cz\/exponaty\/brno-stary-liskovec\/#primaryimage\",\"url\":\"https:\/\/www.franz-josef.cz\/wp-content\/uploads\/2023\/08\/BRNO-LISKOVEC.jpg\",\"contentUrl\":\"https:\/\/www.franz-josef.cz\/wp-content\/uploads\/2023\/08\/BRNO-LISKOVEC.jpg\",\"width\":750,\"height\":459},{\"@type\":\"BreadcrumbList\",\"@id\":\"https:\/\/www.franz-josef.cz\/exponaty\/brno-stary-liskovec\/#breadcrumb\",\"itemListElement\":[{\"@type\":\"ListItem\",\"position\":1,\"name\":\"Home\",\"item\":\"https:\/\/www.franz-josef.cz\/\"},{\"@type\":\"ListItem\",\"position\":2,\"name\":\"Expon\u00e1ty\",\"item\":\"https:\/\/www.franz-josef.cz\/exponaty\/\"},{\"@type\":\"ListItem\",\"position\":3,\"name\":\"BRNO STAR\u00dd L\u00cdSKOVEC\"}]},{\"@type\":\"WebSite\",\"@id\":\"https:\/\/www.franz-josef.cz\/#website\",\"url\":\"https:\/\/www.franz-josef.cz\/\",\"name\":\"Muzeum c\u00edsa\u0159e Franz Josefa I.\",\"description\":\"\",\"publisher\":{\"@id\":\"https:\/\/www.franz-josef.cz\/#organization\"},\"alternateName\":\"Franz Joseph\",\"potentialAction\":[{\"@type\":\"SearchAction\",\"target\":{\"@type\":\"EntryPoint\",\"urlTemplate\":\"https:\/\/www.franz-josef.cz\/?s={search_term_string}\"},\"query-input\":{\"@type\":\"PropertyValueSpecification\",\"valueRequired\":true,\"valueName\":\"search_term_string\"}}],\"inLanguage\":\"en-GB\"},{\"@type\":\"Organization\",\"@id\":\"https:\/\/www.franz-josef.cz\/#organization\",\"name\":\"Muzeum Franz Josefa I.\",\"alternateName\":\"Franz Jozef\",\"url\":\"https:\/\/www.franz-josef.cz\/\",\"logo\":{\"@type\":\"ImageObject\",\"inLanguage\":\"en-GB\",\"@id\":\"https:\/\/www.franz-josef.cz\/#\/schema\/logo\/image\/\",\"url\":\"https:\/\/www.franz-josef.cz\/wp-content\/uploads\/2023\/08\/Muzeum-Franz-Jozef-logo-696x696-1.png\",\"contentUrl\":\"https:\/\/www.franz-josef.cz\/wp-content\/uploads\/2023\/08\/Muzeum-Franz-Jozef-logo-696x696-1.png\",\"width\":696,\"height\":696,\"caption\":\"Muzeum Franz Josefa I.\"},\"image\":{\"@id\":\"https:\/\/www.franz-josef.cz\/#\/schema\/logo\/image\/\"}}]}<\/script>\n<!-- \/ Yoast SEO Premium plugin. -->","yoast_head_json":{"title":"BRNO STAR\u00dd L\u00cdSKOVEC &#8212; Muzeum c\u00edsa\u0159e Franz Josefa I.","robots":{"index":"index","follow":"follow","max-snippet":"max-snippet:-1","max-image-preview":"max-image-preview:large","max-video-preview":"max-video-preview:-1"},"canonical":"https:\/\/www.franz-josef.cz\/en\/exponaty\/brno-stary-liskovec\/","og_locale":"en_GB","og_type":"article","og_title":"BRNO STAR\u00dd L\u00cdSKOVEC","og_description":"Pam\u011btn\u00ed deska c\u00edsa\u0159e FJI z roku 1889 ve \u0161kole v Brn\u011b Star\u00e9m L\u00edskovci &nbsp; &nbsp; Ve vstupn\u00edm prostoru \u0161koly v Brn\u011b Star\u00e9m L\u00edskovci byla pam\u011btn\u00ed deska p\u0159ipom\u00ednaj\u00edc\u00ed postaven\u00ed \u0161koly v roce 1889. Pam\u011btn\u00ed deska byla z b\u00edl\u00e9ho mramoru se zlat\u00fdm ryt\u00fdm n\u00e1pisem s \u010dern\u011b st\u00ednovan\u00fdmi p\u00edsmeny. &nbsp;","og_url":"https:\/\/www.franz-josef.cz\/en\/exponaty\/brno-stary-liskovec\/","og_site_name":"Muzeum c\u00edsa\u0159e Franz Josefa I.","article_modified_time":"2023-08-31T21:09:06+00:00","og_image":[{"width":750,"height":459,"url":"https:\/\/www.franz-josef.cz\/wp-content\/uploads\/2023\/08\/BRNO-LISKOVEC.jpg","type":"image\/jpeg"}],"twitter_card":"summary_large_image","twitter_misc":{"Estimated reading time":"1 minute"},"schema":{"@context":"https:\/\/schema.org","@graph":[{"@type":"WebPage","@id":"https:\/\/www.franz-josef.cz\/exponaty\/brno-stary-liskovec\/","url":"https:\/\/www.franz-josef.cz\/exponaty\/brno-stary-liskovec\/","name":"BRNO STAR\u00dd L\u00cdSKOVEC &#8212; Muzeum c\u00edsa\u0159e Franz Josefa I.","isPartOf":{"@id":"https:\/\/www.franz-josef.cz\/#website"},"primaryImageOfPage":{"@id":"https:\/\/www.franz-josef.cz\/exponaty\/brno-stary-liskovec\/#primaryimage"},"image":{"@id":"https:\/\/www.franz-josef.cz\/exponaty\/brno-stary-liskovec\/#primaryimage"},"thumbnailUrl":"https:\/\/www.franz-josef.cz\/wp-content\/uploads\/2023\/08\/BRNO-LISKOVEC.jpg","datePublished":"2023-08-25T18:02:46+00:00","dateModified":"2023-08-31T21:09:06+00:00","breadcrumb":{"@id":"https:\/\/www.franz-josef.cz\/exponaty\/brno-stary-liskovec\/#breadcrumb"},"inLanguage":"en-GB","potentialAction":[{"@type":"ReadAction","target":["https:\/\/www.franz-josef.cz\/exponaty\/brno-stary-liskovec\/"]}]},{"@type":"ImageObject","inLanguage":"en-GB","@id":"https:\/\/www.franz-josef.cz\/exponaty\/brno-stary-liskovec\/#primaryimage","url":"https:\/\/www.franz-josef.cz\/wp-content\/uploads\/2023\/08\/BRNO-LISKOVEC.jpg","contentUrl":"https:\/\/www.franz-josef.cz\/wp-content\/uploads\/2023\/08\/BRNO-LISKOVEC.jpg","width":750,"height":459},{"@type":"BreadcrumbList","@id":"https:\/\/www.franz-josef.cz\/exponaty\/brno-stary-liskovec\/#breadcrumb","itemListElement":[{"@type":"ListItem","position":1,"name":"Home","item":"https:\/\/www.franz-josef.cz\/"},{"@type":"ListItem","position":2,"name":"Expon\u00e1ty","item":"https:\/\/www.franz-josef.cz\/exponaty\/"},{"@type":"ListItem","position":3,"name":"BRNO STAR\u00dd L\u00cdSKOVEC"}]},{"@type":"WebSite","@id":"https:\/\/www.franz-josef.cz\/#website","url":"https:\/\/www.franz-josef.cz\/","name":"Muzeum c\u00edsa\u0159e Franz Josefa I.","description":"","publisher":{"@id":"https:\/\/www.franz-josef.cz\/#organization"},"alternateName":"Franz Joseph","potentialAction":[{"@type":"SearchAction","target":{"@type":"EntryPoint","urlTemplate":"https:\/\/www.franz-josef.cz\/?s={search_term_string}"},"query-input":{"@type":"PropertyValueSpecification","valueRequired":true,"valueName":"search_term_string"}}],"inLanguage":"en-GB"},{"@type":"Organization","@id":"https:\/\/www.franz-josef.cz\/#organization","name":"Muzeum Franz Josefa I.","alternateName":"Franz Jozef","url":"https:\/\/www.franz-josef.cz\/","logo":{"@type":"ImageObject","inLanguage":"en-GB","@id":"https:\/\/www.franz-josef.cz\/#\/schema\/logo\/image\/","url":"https:\/\/www.franz-josef.cz\/wp-content\/uploads\/2023\/08\/Muzeum-Franz-Jozef-logo-696x696-1.png","contentUrl":"https:\/\/www.franz-josef.cz\/wp-content\/uploads\/2023\/08\/Muzeum-Franz-Jozef-logo-696x696-1.png","width":696,"height":696,"caption":"Muzeum Franz Josefa I."},"image":{"@id":"https:\/\/www.franz-josef.cz\/#\/schema\/logo\/image\/"}}]}},"_links":{"self":[{"href":"https:\/\/www.franz-josef.cz\/en\/wp-json\/wp\/v2\/exponaty\/52012","targetHints":{"allow":["GET"]}}],"collection":[{"href":"https:\/\/www.franz-josef.cz\/en\/wp-json\/wp\/v2\/exponaty"}],"about":[{"href":"https:\/\/www.franz-josef.cz\/en\/wp-json\/wp\/v2\/types\/exponaty"}],"author":[{"embeddable":true,"href":"https:\/\/www.franz-josef.cz\/en\/wp-json\/wp\/v2\/users\/5"}],"version-history":[{"count":5,"href":"https:\/\/www.franz-josef.cz\/en\/wp-json\/wp\/v2\/exponaty\/52012\/revisions"}],"predecessor-version":[{"id":52517,"href":"https:\/\/www.franz-josef.cz\/en\/wp-json\/wp\/v2\/exponaty\/52012\/revisions\/52517"}],"wp:featuredmedia":[{"embeddable":true,"href":"https:\/\/www.franz-josef.cz\/en\/wp-json\/wp\/v2\/media\/52015"}],"wp:attachment":[{"href":"https:\/\/www.franz-josef.cz\/en\/wp-json\/wp\/v2\/media?parent=52012"}],"wp:term":[{"taxonomy":"zarazeno-v-expozici","embeddable":true,"href":"https:\/\/www.franz-josef.cz\/en\/wp-json\/wp\/v2\/zarazeno-v-expozici?post=52012"}],"curies":[{"name":"wp","href":"https:\/\/api.w.org\/{rel}","templated":true}]}}

BRNO STARÝ LÍSKOVEC

<div class="abstract">
<h1>Commemorative plaque of Emperor FJI from 1889 in the school in Brno Starý Lískovec</h1>
</div>
<p>&nbsp;</p>
<p>&nbsp;</p>
<div class="content">
<p>In the entrance area of the school in Brno Staré Lískovec, there was a commemorative plaque commemorating the status of the school in 1889. The commemorative plaque was made of white marble with a gold engraved inscription with black shaded letters.</p>
<p>&nbsp;</p>
<p><img fetchpriority="high" decoding="async" class="alignnone size-full wp-image-52014" src="https://www.franz-josef.cz/wp-content/uploads/2023/08/BRNO-KLOBASOVA-9-Liskovec.jpg" alt="" width="750" height="393" srcset="https://www.franz-josef.cz/wp-content/uploads/2023/08/BRNO-KLOBASOVA-9-Liskovec.jpg 750w, https://www.franz-josef.cz/wp-content/uploads/2023/08/BRNO-KLOBASOVA-9-Liskovec-300x157.jpg 300w" sizes="(max-width: 750px) 100vw, 750px" /> <img decoding="async" class="alignnone size-full wp-image-52015 lazyload" data-src="https://www.franz-josef.cz/wp-content/uploads/2023/08/BRNO-LISKOVEC.jpg" alt="" width="750" height="459" data-srcset="https://www.franz-josef.cz/wp-content/uploads/2023/08/BRNO-LISKOVEC.jpg 750w, https://www.franz-josef.cz/wp-content/uploads/2023/08/BRNO-LISKOVEC-300x184.jpg 300w" data-sizes="(max-width: 750px) 100vw, 750px" src="data:image/gif;base64,R0lGODlhAQABAAAAACH5BAEKAAEALAAAAAABAAEAAAICTAEAOw==" style="--smush-placeholder-width: 750px; --smush-placeholder-aspect-ratio: 750/459;" /><noscript><img decoding="async" class="alignnone size-full wp-image-52015" src="https://www.franz-josef.cz/wp-content/uploads/2023/08/BRNO-LISKOVEC.jpg" alt="" width="750" height="459" srcset="https://www.franz-josef.cz/wp-content/uploads/2023/08/BRNO-LISKOVEC.jpg 750w, https://www.franz-josef.cz/wp-content/uploads/2023/08/BRNO-LISKOVEC-300x184.jpg 300w" sizes="(max-width: 750px) 100vw, 750px" /></noscript></p>
</div>

<!-- This site is optimized with the Yoast SEO Premium plugin v20.12 (Yoast SEO v27.2) - https://yoast.com/product/yoast-seo-premium-wordpress/ -->
<title>BRNO STARÝ LÍSKOVEC &#8212; Muzeum císaře Franz Josefa I.</title>
<meta name="robots" content="index, follow, max-snippet:-1, max-image-preview:large, max-video-preview:-1" />
<link rel="canonical" href="https://www.franz-josef.cz/en/exponaty/brno-stary-liskovec/" />
<meta property="og:locale" content="en_GB" />
<meta property="og:type" content="article" />
<meta property="og:title" content="BRNO STARÝ LÍSKOVEC" />
<meta property="og:description" content="Pamětní deska císaře FJI z roku 1889 ve škole v Brně Starém Lískovci &nbsp; &nbsp; Ve vstupním prostoru školy v Brně Starém Lískovci byla pamětní deska připomínající postavení školy v roce 1889. Pamětní deska byla z bílého mramoru se zlatým rytým nápisem s černě stínovanými písmeny. &nbsp;" />
<meta property="og:url" content="https://www.franz-josef.cz/en/exponaty/brno-stary-liskovec/" />
<meta property="og:site_name" content="Muzeum císaře Franz Josefa I." />
<meta property="article:modified_time" content="2023-08-31T21:09:06+00:00" />
<meta property="og:image" content="https://www.franz-josef.cz/wp-content/uploads/2023/08/BRNO-LISKOVEC.jpg" />
	<meta property="og:image:width" content="750" />
	<meta property="og:image:height" content="459" />
	<meta property="og:image:type" content="image/jpeg" />
<meta name="twitter:card" content="summary_large_image" />
<meta name="twitter:label1" content="Estimated reading time" />
	<meta name="twitter:data1" content="1 minute" />
<script type="application/ld+json" class="yoast-schema-graph">{"@context":"https://schema.org","@graph":[{"@type":"WebPage","@id":"https://www.franz-josef.cz/exponaty/brno-stary-liskovec/","url":"https://www.franz-josef.cz/exponaty/brno-stary-liskovec/","name":"BRNO STARÝ LÍSKOVEC &#8212; Muzeum císaře Franz Josefa I.","isPartOf":{"@id":"https://www.franz-josef.cz/#website"},"primaryImageOfPage":{"@id":"https://www.franz-josef.cz/exponaty/brno-stary-liskovec/#primaryimage"},"image":{"@id":"https://www.franz-josef.cz/exponaty/brno-stary-liskovec/#primaryimage"},"thumbnailUrl":"https://www.franz-josef.cz/wp-content/uploads/2023/08/BRNO-LISKOVEC.jpg","datePublished":"2023-08-25T18:02:46+00:00","dateModified":"2023-08-31T21:09:06+00:00","breadcrumb":{"@id":"https://www.franz-josef.cz/exponaty/brno-stary-liskovec/#breadcrumb"},"inLanguage":"en-GB","potentialAction":[{"@type":"ReadAction","target":["https://www.franz-josef.cz/exponaty/brno-stary-liskovec/"]}]},{"@type":"ImageObject","inLanguage":"en-GB","@id":"https://www.franz-josef.cz/exponaty/brno-stary-liskovec/#primaryimage","url":"https://www.franz-josef.cz/wp-content/uploads/2023/08/BRNO-LISKOVEC.jpg","contentUrl":"https://www.franz-josef.cz/wp-content/uploads/2023/08/BRNO-LISKOVEC.jpg","width":750,"height":459},{"@type":"BreadcrumbList","@id":"https://www.franz-josef.cz/exponaty/brno-stary-liskovec/#breadcrumb","itemListElement":[{"@type":"ListItem","position":1,"name":"Home","item":"https://www.franz-josef.cz/"},{"@type":"ListItem","position":2,"name":"Exponáty","item":"https://www.franz-josef.cz/exponaty/"},{"@type":"ListItem","position":3,"name":"BRNO STARÝ LÍSKOVEC"}]},{"@type":"WebSite","@id":"https://www.franz-josef.cz/#website","url":"https://www.franz-josef.cz/","name":"Muzeum císaře Franz Josefa I.","description":"","publisher":{"@id":"https://www.franz-josef.cz/#organization"},"alternateName":"Franz Joseph","potentialAction":[{"@type":"SearchAction","target":{"@type":"EntryPoint","urlTemplate":"https://www.franz-josef.cz/?s={search_term_string}"},"query-input":{"@type":"PropertyValueSpecification","valueRequired":true,"valueName":"search_term_string"}}],"inLanguage":"en-GB"},{"@type":"Organization","@id":"https://www.franz-josef.cz/#organization","name":"Muzeum Franz Josefa I.","alternateName":"Franz Jozef","url":"https://www.franz-josef.cz/","logo":{"@type":"ImageObject","inLanguage":"en-GB","@id":"https://www.franz-josef.cz/#/schema/logo/image/","url":"https://www.franz-josef.cz/wp-content/uploads/2023/08/Muzeum-Franz-Jozef-logo-696x696-1.png","contentUrl":"https://www.franz-josef.cz/wp-content/uploads/2023/08/Muzeum-Franz-Jozef-logo-696x696-1.png","width":696,"height":696,"caption":"Muzeum Franz Josefa I."},"image":{"@id":"https://www.franz-josef.cz/#/schema/logo/image/"}}]}</script>
<!-- / Yoast SEO Premium plugin. -->

BRNO STARÝ LÍSKOVEC &#8212; Muzeum císaře Franz Josefa I.

Pamětní deska císaře FJI z roku 1889 ve škole v Brně Starém Lískovci &nbsp; &nbsp; Ve vstupním prostoru školy v Brně Starém Lískovci byla pamětní deska připomínající postavení školy v roce 1889. Pamětní deska byla z bílého mramoru se zlatým rytým nápisem s černě stínovanými písmeny. &nbsp;

Muzeum císaře Franz Josefa I.

Exponáty
