{"id":52091,"date":"2023-08-26T19:27:24","date_gmt":"2023-08-26T17:27:24","guid":{"rendered":"https:\/\/www.franz-josef.cz\/?post_type=exponaty&#038;p=52091"},"modified":"2023-08-31T23:21:52","modified_gmt":"2023-08-31T21:21:52","slug":"daskabat","status":"publish","type":"exponaty","link":"https:\/\/www.franz-josef.cz\/en\/exponaty\/daskabat\/","title":{"rendered":"DASKAB\u00c1T"},"content":{"rendered":"<h1>\u00a0 \u00a0 \u00a0 \u00a0 \u00a0 \u00a0 \u00a0 \u00a0Chapel, memorial plaque<\/h1>\n<p>&nbsp;<\/p>\n<h1><\/h1>\n<div class=\"abstract\">\n<p>The village of Daskab\u00e1t is located along the road from Olomouc to Lipn\u00edk nad Be\u010dvou, on the last slopes of the Oder Hills in the former Olomouc district.<\/p>\n<p>Translation of the letter of the mayor of the village with a request to the emperor for the permission of the text on the memorial plaque in the chapel.<\/p>\n<\/div>\n<div class=\"content\">\n<p>High<br \/>\nc. k. cabinet office<br \/>\nin Vienna<\/p>\n<p>Daskab\u00e1t village, Hranice district, built a new chapel this year (1908).<br \/>\nV kapli t\u00e9 m\u00e1 b\u00fdti um\u00edst\u011bn\u00e1 pam\u011btn\u00ed deska z n\u00e1pisem, za jak\u00fdm \u00fa\u010delem zbudov\u00e1no jest.<br \/>\nThe inscription should be:<\/p>\n<p>To the honor and praise of God<br \/>\nin memory<br \/>\n60-year reign<br \/>\nEmperor and King Francis Joseph I.<br \/>\nBuilt this chapel in 1908<br \/>\nat the expense of the municipality and from donations.<\/p>\n<p>High c. k. cabinet office inscription the graciously allow and approve it<\/p>\n<p>In Daskab\u00e1t on November 9, 1908.<br \/>\nJan Zl\u00e1mal<br \/>\nmayor<\/p>\n<\/div>\n<h1><img fetchpriority=\"high\" decoding=\"async\" class=\"alignnone size-full wp-image-52093\" src=\"https:\/\/www.franz-josef.cz\/wp-content\/uploads\/2023\/08\/DK-KAPLE.jpg\" alt=\"\" width=\"510\" height=\"400\" srcset=\"https:\/\/www.franz-josef.cz\/wp-content\/uploads\/2023\/08\/DK-KAPLE.jpg 510w, https:\/\/www.franz-josef.cz\/wp-content\/uploads\/2023\/08\/DK-KAPLE-300x235.jpg 300w\" sizes=\"(max-width: 510px) 100vw, 510px\" \/><\/h1>\n<div class=\"abstract\"><\/div>\n<div class=\"content\">\n<p>&nbsp;<\/p>\n<\/div>","protected":false},"author":5,"featured_media":52093,"template":"","zarazeno-v-expozici":[252],"class_list":["post-52091","exponaty","type-exponaty","status-publish","has-post-thumbnail","hentry","zarazeno-v-expozici-sochy-a-pomniky-badatelska-cinnost-jiriho-danka"],"yoast_head":"<!-- This site is optimized with the Yoast SEO Premium plugin v20.12 (Yoast SEO v27.2) - https:\/\/yoast.com\/product\/yoast-seo-premium-wordpress\/ -->\n<title>DASKAB\u00c1T &#8212; Muzeum c\u00edsa\u0159e Franz Josefa I.<\/title>\n<meta name=\"robots\" content=\"index, follow, max-snippet:-1, max-image-preview:large, max-video-preview:-1\" \/>\n<link rel=\"canonical\" href=\"https:\/\/www.franz-josef.cz\/en\/exponaty\/daskabat\/\" \/>\n<meta property=\"og:locale\" content=\"en_GB\" \/>\n<meta property=\"og:type\" content=\"article\" \/>\n<meta property=\"og:title\" content=\"DASKAB\u00c1T\" \/>\n<meta property=\"og:description\" content=\"\u00a0 \u00a0 \u00a0 \u00a0 \u00a0 \u00a0 \u00a0 \u00a0Kapli\u010dka, pam\u011btn\u00ed deska &nbsp; Obec Daskab\u00e1t se rozkl\u00e1d\u00e1 pod\u00e9l silnice z Olomouce do Lipn\u00edka nad Be\u010dvou, na posledn\u00edch svaz\u00edch Odersk\u00fdch vrch\u016f v b\u00fdval\u00e9m okrese Olomouc. P\u0159eklad dopisu starosty obce s \u017e\u00e1dost\u00ed \u00a0k c\u00edsa\u0159i o povolen\u00ed textu na pam\u011btn\u00ed desce v kapli. Vysok\u00e1 c.k. kabinetn\u00ed kancel\u00e1\u0159 ve V\u00eddni Obec [&hellip;]\" \/>\n<meta property=\"og:url\" content=\"https:\/\/www.franz-josef.cz\/en\/exponaty\/daskabat\/\" \/>\n<meta property=\"og:site_name\" content=\"Muzeum c\u00edsa\u0159e Franz Josefa I.\" \/>\n<meta property=\"article:modified_time\" content=\"2023-08-31T21:21:52+00:00\" \/>\n<meta property=\"og:image\" content=\"https:\/\/www.franz-josef.cz\/wp-content\/uploads\/2023\/08\/DK-KAPLE.jpg\" \/>\n\t<meta property=\"og:image:width\" content=\"510\" \/>\n\t<meta property=\"og:image:height\" content=\"400\" \/>\n\t<meta property=\"og:image:type\" content=\"image\/jpeg\" \/>\n<meta name=\"twitter:card\" content=\"summary_large_image\" \/>\n<meta name=\"twitter:label1\" content=\"Estimated reading time\" \/>\n\t<meta name=\"twitter:data1\" content=\"1 minute\" \/>\n<script type=\"application\/ld+json\" class=\"yoast-schema-graph\">{\"@context\":\"https:\/\/schema.org\",\"@graph\":[{\"@type\":\"WebPage\",\"@id\":\"https:\/\/www.franz-josef.cz\/exponaty\/daskabat\/\",\"url\":\"https:\/\/www.franz-josef.cz\/exponaty\/daskabat\/\",\"name\":\"DASKAB\u00c1T &#8212; Muzeum c\u00edsa\u0159e Franz Josefa I.\",\"isPartOf\":{\"@id\":\"https:\/\/www.franz-josef.cz\/#website\"},\"primaryImageOfPage\":{\"@id\":\"https:\/\/www.franz-josef.cz\/exponaty\/daskabat\/#primaryimage\"},\"image\":{\"@id\":\"https:\/\/www.franz-josef.cz\/exponaty\/daskabat\/#primaryimage\"},\"thumbnailUrl\":\"https:\/\/www.franz-josef.cz\/wp-content\/uploads\/2023\/08\/DK-KAPLE.jpg\",\"datePublished\":\"2023-08-26T17:27:24+00:00\",\"dateModified\":\"2023-08-31T21:21:52+00:00\",\"breadcrumb\":{\"@id\":\"https:\/\/www.franz-josef.cz\/exponaty\/daskabat\/#breadcrumb\"},\"inLanguage\":\"en-GB\",\"potentialAction\":[{\"@type\":\"ReadAction\",\"target\":[\"https:\/\/www.franz-josef.cz\/exponaty\/daskabat\/\"]}]},{\"@type\":\"ImageObject\",\"inLanguage\":\"en-GB\",\"@id\":\"https:\/\/www.franz-josef.cz\/exponaty\/daskabat\/#primaryimage\",\"url\":\"https:\/\/www.franz-josef.cz\/wp-content\/uploads\/2023\/08\/DK-KAPLE.jpg\",\"contentUrl\":\"https:\/\/www.franz-josef.cz\/wp-content\/uploads\/2023\/08\/DK-KAPLE.jpg\",\"width\":510,\"height\":400},{\"@type\":\"BreadcrumbList\",\"@id\":\"https:\/\/www.franz-josef.cz\/exponaty\/daskabat\/#breadcrumb\",\"itemListElement\":[{\"@type\":\"ListItem\",\"position\":1,\"name\":\"Home\",\"item\":\"https:\/\/www.franz-josef.cz\/\"},{\"@type\":\"ListItem\",\"position\":2,\"name\":\"Expon\u00e1ty\",\"item\":\"https:\/\/www.franz-josef.cz\/exponaty\/\"},{\"@type\":\"ListItem\",\"position\":3,\"name\":\"DASKAB\u00c1T\"}]},{\"@type\":\"WebSite\",\"@id\":\"https:\/\/www.franz-josef.cz\/#website\",\"url\":\"https:\/\/www.franz-josef.cz\/\",\"name\":\"Muzeum c\u00edsa\u0159e Franz Josefa I.\",\"description\":\"\",\"publisher\":{\"@id\":\"https:\/\/www.franz-josef.cz\/#organization\"},\"alternateName\":\"Franz Joseph\",\"potentialAction\":[{\"@type\":\"SearchAction\",\"target\":{\"@type\":\"EntryPoint\",\"urlTemplate\":\"https:\/\/www.franz-josef.cz\/?s={search_term_string}\"},\"query-input\":{\"@type\":\"PropertyValueSpecification\",\"valueRequired\":true,\"valueName\":\"search_term_string\"}}],\"inLanguage\":\"en-GB\"},{\"@type\":\"Organization\",\"@id\":\"https:\/\/www.franz-josef.cz\/#organization\",\"name\":\"Muzeum Franz Josefa I.\",\"alternateName\":\"Franz Jozef\",\"url\":\"https:\/\/www.franz-josef.cz\/\",\"logo\":{\"@type\":\"ImageObject\",\"inLanguage\":\"en-GB\",\"@id\":\"https:\/\/www.franz-josef.cz\/#\/schema\/logo\/image\/\",\"url\":\"https:\/\/www.franz-josef.cz\/wp-content\/uploads\/2023\/08\/Muzeum-Franz-Jozef-logo-696x696-1.png\",\"contentUrl\":\"https:\/\/www.franz-josef.cz\/wp-content\/uploads\/2023\/08\/Muzeum-Franz-Jozef-logo-696x696-1.png\",\"width\":696,\"height\":696,\"caption\":\"Muzeum Franz Josefa I.\"},\"image\":{\"@id\":\"https:\/\/www.franz-josef.cz\/#\/schema\/logo\/image\/\"}}]}<\/script>\n<!-- \/ Yoast SEO Premium plugin. -->","yoast_head_json":{"title":"DASKAB\u00c1T &#8212; Muzeum c\u00edsa\u0159e Franz Josefa I.","robots":{"index":"index","follow":"follow","max-snippet":"max-snippet:-1","max-image-preview":"max-image-preview:large","max-video-preview":"max-video-preview:-1"},"canonical":"https:\/\/www.franz-josef.cz\/en\/exponaty\/daskabat\/","og_locale":"en_GB","og_type":"article","og_title":"DASKAB\u00c1T","og_description":"\u00a0 \u00a0 \u00a0 \u00a0 \u00a0 \u00a0 \u00a0 \u00a0Kapli\u010dka, pam\u011btn\u00ed deska &nbsp; Obec Daskab\u00e1t se rozkl\u00e1d\u00e1 pod\u00e9l silnice z Olomouce do Lipn\u00edka nad Be\u010dvou, na posledn\u00edch svaz\u00edch Odersk\u00fdch vrch\u016f v b\u00fdval\u00e9m okrese Olomouc. P\u0159eklad dopisu starosty obce s \u017e\u00e1dost\u00ed \u00a0k c\u00edsa\u0159i o povolen\u00ed textu na pam\u011btn\u00ed desce v kapli. Vysok\u00e1 c.k. kabinetn\u00ed kancel\u00e1\u0159 ve V\u00eddni Obec [&hellip;]","og_url":"https:\/\/www.franz-josef.cz\/en\/exponaty\/daskabat\/","og_site_name":"Muzeum c\u00edsa\u0159e Franz Josefa I.","article_modified_time":"2023-08-31T21:21:52+00:00","og_image":[{"width":510,"height":400,"url":"https:\/\/www.franz-josef.cz\/wp-content\/uploads\/2023\/08\/DK-KAPLE.jpg","type":"image\/jpeg"}],"twitter_card":"summary_large_image","twitter_misc":{"Estimated reading time":"1 minute"},"schema":{"@context":"https:\/\/schema.org","@graph":[{"@type":"WebPage","@id":"https:\/\/www.franz-josef.cz\/exponaty\/daskabat\/","url":"https:\/\/www.franz-josef.cz\/exponaty\/daskabat\/","name":"DASKAB\u00c1T &#8212; Muzeum c\u00edsa\u0159e Franz Josefa I.","isPartOf":{"@id":"https:\/\/www.franz-josef.cz\/#website"},"primaryImageOfPage":{"@id":"https:\/\/www.franz-josef.cz\/exponaty\/daskabat\/#primaryimage"},"image":{"@id":"https:\/\/www.franz-josef.cz\/exponaty\/daskabat\/#primaryimage"},"thumbnailUrl":"https:\/\/www.franz-josef.cz\/wp-content\/uploads\/2023\/08\/DK-KAPLE.jpg","datePublished":"2023-08-26T17:27:24+00:00","dateModified":"2023-08-31T21:21:52+00:00","breadcrumb":{"@id":"https:\/\/www.franz-josef.cz\/exponaty\/daskabat\/#breadcrumb"},"inLanguage":"en-GB","potentialAction":[{"@type":"ReadAction","target":["https:\/\/www.franz-josef.cz\/exponaty\/daskabat\/"]}]},{"@type":"ImageObject","inLanguage":"en-GB","@id":"https:\/\/www.franz-josef.cz\/exponaty\/daskabat\/#primaryimage","url":"https:\/\/www.franz-josef.cz\/wp-content\/uploads\/2023\/08\/DK-KAPLE.jpg","contentUrl":"https:\/\/www.franz-josef.cz\/wp-content\/uploads\/2023\/08\/DK-KAPLE.jpg","width":510,"height":400},{"@type":"BreadcrumbList","@id":"https:\/\/www.franz-josef.cz\/exponaty\/daskabat\/#breadcrumb","itemListElement":[{"@type":"ListItem","position":1,"name":"Home","item":"https:\/\/www.franz-josef.cz\/"},{"@type":"ListItem","position":2,"name":"Expon\u00e1ty","item":"https:\/\/www.franz-josef.cz\/exponaty\/"},{"@type":"ListItem","position":3,"name":"DASKAB\u00c1T"}]},{"@type":"WebSite","@id":"https:\/\/www.franz-josef.cz\/#website","url":"https:\/\/www.franz-josef.cz\/","name":"Muzeum c\u00edsa\u0159e Franz Josefa I.","description":"","publisher":{"@id":"https:\/\/www.franz-josef.cz\/#organization"},"alternateName":"Franz Joseph","potentialAction":[{"@type":"SearchAction","target":{"@type":"EntryPoint","urlTemplate":"https:\/\/www.franz-josef.cz\/?s={search_term_string}"},"query-input":{"@type":"PropertyValueSpecification","valueRequired":true,"valueName":"search_term_string"}}],"inLanguage":"en-GB"},{"@type":"Organization","@id":"https:\/\/www.franz-josef.cz\/#organization","name":"Muzeum Franz Josefa I.","alternateName":"Franz Jozef","url":"https:\/\/www.franz-josef.cz\/","logo":{"@type":"ImageObject","inLanguage":"en-GB","@id":"https:\/\/www.franz-josef.cz\/#\/schema\/logo\/image\/","url":"https:\/\/www.franz-josef.cz\/wp-content\/uploads\/2023\/08\/Muzeum-Franz-Jozef-logo-696x696-1.png","contentUrl":"https:\/\/www.franz-josef.cz\/wp-content\/uploads\/2023\/08\/Muzeum-Franz-Jozef-logo-696x696-1.png","width":696,"height":696,"caption":"Muzeum Franz Josefa I."},"image":{"@id":"https:\/\/www.franz-josef.cz\/#\/schema\/logo\/image\/"}}]}},"_links":{"self":[{"href":"https:\/\/www.franz-josef.cz\/en\/wp-json\/wp\/v2\/exponaty\/52091","targetHints":{"allow":["GET"]}}],"collection":[{"href":"https:\/\/www.franz-josef.cz\/en\/wp-json\/wp\/v2\/exponaty"}],"about":[{"href":"https:\/\/www.franz-josef.cz\/en\/wp-json\/wp\/v2\/types\/exponaty"}],"author":[{"embeddable":true,"href":"https:\/\/www.franz-josef.cz\/en\/wp-json\/wp\/v2\/users\/5"}],"version-history":[{"count":6,"href":"https:\/\/www.franz-josef.cz\/en\/wp-json\/wp\/v2\/exponaty\/52091\/revisions"}],"predecessor-version":[{"id":52527,"href":"https:\/\/www.franz-josef.cz\/en\/wp-json\/wp\/v2\/exponaty\/52091\/revisions\/52527"}],"wp:featuredmedia":[{"embeddable":true,"href":"https:\/\/www.franz-josef.cz\/en\/wp-json\/wp\/v2\/media\/52093"}],"wp:attachment":[{"href":"https:\/\/www.franz-josef.cz\/en\/wp-json\/wp\/v2\/media?parent=52091"}],"wp:term":[{"taxonomy":"zarazeno-v-expozici","embeddable":true,"href":"https:\/\/www.franz-josef.cz\/en\/wp-json\/wp\/v2\/zarazeno-v-expozici?post=52091"}],"curies":[{"name":"wp","href":"https:\/\/api.w.org\/{rel}","templated":true}]}}

DASKABÁT

<h1>               Chapel, memorial plaque</h1>
<p>&nbsp;</p>
<h1></h1>
<div class="abstract">
<p>The village of Daskabát is located along the road from Olomouc to Lipník nad Bečvou, on the last slopes of the Oder Hills in the former Olomouc district.</p>
<p>Translation of the letter of the mayor of the village with a request to the emperor for the permission of the text on the memorial plaque in the chapel.</p>
</div>
<div class="content">
<p>High<br />
c. k. cabinet office<br />
in Vienna</p>
<p>Daskabát village, Hranice district, built a new chapel this year (1908).<br />
V kapli té má býti umístěná pamětní deska z nápisem, za jakým účelem zbudováno jest.<br />
The inscription should be:</p>
<p>To the honor and praise of God<br />
in memory<br />
60-year reign<br />
Emperor and King Francis Joseph I.<br />
Built this chapel in 1908<br />
at the expense of the municipality and from donations.</p>
<p>High c. k. cabinet office inscription the graciously allow and approve it</p>
<p>In Daskabát on November 9, 1908.<br />
Jan Zlámal<br />
mayor</p>
</div>
<h1><img fetchpriority="high" decoding="async" class="alignnone size-full wp-image-52093" src="https://www.franz-josef.cz/wp-content/uploads/2023/08/DK-KAPLE.jpg" alt="" width="510" height="400" srcset="https://www.franz-josef.cz/wp-content/uploads/2023/08/DK-KAPLE.jpg 510w, https://www.franz-josef.cz/wp-content/uploads/2023/08/DK-KAPLE-300x235.jpg 300w" sizes="(max-width: 510px) 100vw, 510px" /></h1>
<div class="abstract"></div>
<div class="content">
<p>&nbsp;</p>
</div>

<!-- This site is optimized with the Yoast SEO Premium plugin v20.12 (Yoast SEO v27.2) - https://yoast.com/product/yoast-seo-premium-wordpress/ -->
<title>DASKABÁT &#8212; Muzeum císaře Franz Josefa I.</title>
<meta name="robots" content="index, follow, max-snippet:-1, max-image-preview:large, max-video-preview:-1" />
<link rel="canonical" href="https://www.franz-josef.cz/en/exponaty/daskabat/" />
<meta property="og:locale" content="en_GB" />
<meta property="og:type" content="article" />
<meta property="og:title" content="DASKABÁT" />
<meta property="og:description" content="               Kaplička, pamětní deska &nbsp; Obec Daskabát se rozkládá podél silnice z Olomouce do Lipníka nad Bečvou, na posledních svazích Oderských vrchů v bývalém okrese Olomouc. Překlad dopisu starosty obce s žádostí  k císaři o povolení textu na pamětní desce v kapli. Vysoká c.k. kabinetní kancelář ve Vídni Obec [&hellip;]" />
<meta property="og:url" content="https://www.franz-josef.cz/en/exponaty/daskabat/" />
<meta property="og:site_name" content="Muzeum císaře Franz Josefa I." />
<meta property="article:modified_time" content="2023-08-31T21:21:52+00:00" />
<meta property="og:image" content="https://www.franz-josef.cz/wp-content/uploads/2023/08/DK-KAPLE.jpg" />
	<meta property="og:image:width" content="510" />
	<meta property="og:image:height" content="400" />
	<meta property="og:image:type" content="image/jpeg" />
<meta name="twitter:card" content="summary_large_image" />
<meta name="twitter:label1" content="Estimated reading time" />
	<meta name="twitter:data1" content="1 minute" />
<script type="application/ld+json" class="yoast-schema-graph">{"@context":"https://schema.org","@graph":[{"@type":"WebPage","@id":"https://www.franz-josef.cz/exponaty/daskabat/","url":"https://www.franz-josef.cz/exponaty/daskabat/","name":"DASKABÁT &#8212; Muzeum císaře Franz Josefa I.","isPartOf":{"@id":"https://www.franz-josef.cz/#website"},"primaryImageOfPage":{"@id":"https://www.franz-josef.cz/exponaty/daskabat/#primaryimage"},"image":{"@id":"https://www.franz-josef.cz/exponaty/daskabat/#primaryimage"},"thumbnailUrl":"https://www.franz-josef.cz/wp-content/uploads/2023/08/DK-KAPLE.jpg","datePublished":"2023-08-26T17:27:24+00:00","dateModified":"2023-08-31T21:21:52+00:00","breadcrumb":{"@id":"https://www.franz-josef.cz/exponaty/daskabat/#breadcrumb"},"inLanguage":"en-GB","potentialAction":[{"@type":"ReadAction","target":["https://www.franz-josef.cz/exponaty/daskabat/"]}]},{"@type":"ImageObject","inLanguage":"en-GB","@id":"https://www.franz-josef.cz/exponaty/daskabat/#primaryimage","url":"https://www.franz-josef.cz/wp-content/uploads/2023/08/DK-KAPLE.jpg","contentUrl":"https://www.franz-josef.cz/wp-content/uploads/2023/08/DK-KAPLE.jpg","width":510,"height":400},{"@type":"BreadcrumbList","@id":"https://www.franz-josef.cz/exponaty/daskabat/#breadcrumb","itemListElement":[{"@type":"ListItem","position":1,"name":"Home","item":"https://www.franz-josef.cz/"},{"@type":"ListItem","position":2,"name":"Exponáty","item":"https://www.franz-josef.cz/exponaty/"},{"@type":"ListItem","position":3,"name":"DASKABÁT"}]},{"@type":"WebSite","@id":"https://www.franz-josef.cz/#website","url":"https://www.franz-josef.cz/","name":"Muzeum císaře Franz Josefa I.","description":"","publisher":{"@id":"https://www.franz-josef.cz/#organization"},"alternateName":"Franz Joseph","potentialAction":[{"@type":"SearchAction","target":{"@type":"EntryPoint","urlTemplate":"https://www.franz-josef.cz/?s={search_term_string}"},"query-input":{"@type":"PropertyValueSpecification","valueRequired":true,"valueName":"search_term_string"}}],"inLanguage":"en-GB"},{"@type":"Organization","@id":"https://www.franz-josef.cz/#organization","name":"Muzeum Franz Josefa I.","alternateName":"Franz Jozef","url":"https://www.franz-josef.cz/","logo":{"@type":"ImageObject","inLanguage":"en-GB","@id":"https://www.franz-josef.cz/#/schema/logo/image/","url":"https://www.franz-josef.cz/wp-content/uploads/2023/08/Muzeum-Franz-Jozef-logo-696x696-1.png","contentUrl":"https://www.franz-josef.cz/wp-content/uploads/2023/08/Muzeum-Franz-Jozef-logo-696x696-1.png","width":696,"height":696,"caption":"Muzeum Franz Josefa I."},"image":{"@id":"https://www.franz-josef.cz/#/schema/logo/image/"}}]}</script>
<!-- / Yoast SEO Premium plugin. -->

DASKABÁT &#8212; Muzeum císaře Franz Josefa I.

Kaplička, pamětní deska &nbsp; Obec Daskabát se rozkládá podél silnice z Olomouce do Lipníka nad Bečvou, na posledních svazích Oderských vrchů v bývalém okrese Olomouc. Překlad dopisu starosty obce s žádostí  k císaři o povolení textu na pamětní desce v kapli. Vysoká c.k. kabinetní kancelář ve Vídni Obec [&hellip;]

Muzeum císaře Franz Josefa I.

Exponáty
